{"id":122869,"date":"2025-11-13T10:53:22","date_gmt":"2025-11-13T09:53:22","guid":{"rendered":"https:\/\/www.ernstbrunn-apotheke.at\/katalog\/produkt\/dr-hauschka-defining-mascara-6-g-02-brown\/"},"modified":"2025-12-09T09:50:45","modified_gmt":"2025-12-09T08:50:45","slug":"dr-hauschka-defining-mascara-6-g-02-brown","status":"publish","type":"product","link":"https:\/\/www.ernstbrunn-apotheke.at\/katalog\/produkt\/dr-hauschka-defining-mascara-6-g-02-brown\/","title":{"rendered":"Dr. Hauschka Defining Mascara 6 g 02 brown"},"content":{"rendered":"<p>Dr. Hauschka Defining Mascara verleiht Ihnen Ausdrucksst\u00e4rke: Dieser Mascara umfasst und definiert jede einzelne Wimper  f\u00fcr einen nat\u00fcrlich-ausdrucksstarken Blick. Die Rezeptur mit Mineralpigmenten und Heilpflanzenausz\u00fcgen, insbesondere aus Augentrost und Bienenwachs, sch\u00fctzt die feinen Wimpernh\u00e4rchen.<\/p>\n","protected":false},"excerpt":{"rendered":"<p>Dr. Hauschka Defining Mascara verleiht Ihnen Ausdrucksst\u00e4rke: Dieser Mascara umfasst und definiert jede einzelne Wimper f\u00fcr einen nat\u00fcrlich-ausdrucksstarken Blick. Die Rezeptur mit Mineralpigmenten und Heilpflanzenausz\u00fcgen, insbesondere aus Augentrost und Bienenwachs, sch\u00fctzt die feinen Wimpernh\u00e4rchen.<\/p>\n","protected":false},"featured_media":122871,"template":"","meta":{"_acf_changed":false},"product_brand":[355],"product_cat":[792],"product_tag":[],"class_list":{"0":"post-122869","1":"product","2":"type-product","3":"status-publish","4":"has-post-thumbnail","6":"product_brand-hauschka","7":"product_cat-d","8":"pa_packungsgroesse-1-stueck","10":"first","11":"instock","12":"shipping-taxable","13":"purchasable","14":"product-type-simple"},"acf":[],"_links":{"self":[{"href":"https:\/\/www.ernstbrunn-apotheke.at\/katalog\/wp-json\/wp\/v2\/product\/122869","targetHints":{"allow":["GET"]}}],"collection":[{"href":"https:\/\/www.ernstbrunn-apotheke.at\/katalog\/wp-json\/wp\/v2\/product"}],"about":[{"href":"https:\/\/www.ernstbrunn-apotheke.at\/katalog\/wp-json\/wp\/v2\/types\/product"}],"wp:featuredmedia":[{"embeddable":true,"href":"https:\/\/www.ernstbrunn-apotheke.at\/katalog\/wp-json\/wp\/v2\/media\/122871"}],"wp:attachment":[{"href":"https:\/\/www.ernstbrunn-apotheke.at\/katalog\/wp-json\/wp\/v2\/media?parent=122869"}],"wp:term":[{"taxonomy":"product_brand","embeddable":true,"href":"https:\/\/www.ernstbrunn-apotheke.at\/katalog\/wp-json\/wp\/v2\/product_brand?post=122869"},{"taxonomy":"product_cat","embeddable":true,"href":"https:\/\/www.ernstbrunn-apotheke.at\/katalog\/wp-json\/wp\/v2\/product_cat?post=122869"},{"taxonomy":"product_tag","embeddable":true,"href":"https:\/\/www.ernstbrunn-apotheke.at\/katalog\/wp-json\/wp\/v2\/product_tag?post=122869"}],"curies":[{"name":"wp","href":"https:\/\/api.w.org\/{rel}","templated":true}]}}