{"id":122817,"date":"2025-11-13T10:52:03","date_gmt":"2025-11-13T09:52:03","guid":{"rendered":"https:\/\/www.ernstbrunn-apotheke.at\/katalog\/produkt\/hansaplast-elastic-strips-4-groessen-40-stk\/"},"modified":"2025-12-09T09:50:37","modified_gmt":"2025-12-09T08:50:37","slug":"hansaplast-elastic-strips-4-groessen-40-stk","status":"publish","type":"product","link":"https:\/\/www.ernstbrunn-apotheke.at\/katalog\/produkt\/hansaplast-elastic-strips-4-groessen-40-stk\/","title":{"rendered":"Hansaplast Elastic Strips 4 Gr\u00f6\u00dfen 40 Stk."},"content":{"rendered":"<p>Hansaplast Elastic eignet sich dank des flexiblen Materials ideal f\u00fcr kleine Verletzungen sowie Wunden an Gelenken oder viel bewegten K\u00f6rperstellen. Das luftdurchl\u00e4ssige Material ist zudem besonders vertr\u00e4glich. Hansaplast Elastic besitzt ein guerelatsiches Gewebe mit Vlieswundauflage und ist dank des atmungsaktiven Materials sehr hautfreundlich. Der anschmiegsame Wundschnellverband eignet sich hervorragend f\u00fcr kleinere Wunden und Verletzungen an den Gelenken sowie viel bewegten K\u00f6rperstellen. Die praktischen Strips in verschiednen Gr\u00f6\u00dfen k\u00f6nnen besonders einfach sowie schnell angewendet werden.<\/p>\n","protected":false},"excerpt":{"rendered":"<p>Hansaplast Elastic eignet sich dank des flexiblen Materials ideal f\u00fcr kleine Verletzungen sowie Wunden an Gelenken oder viel bewegten K\u00f6rperstellen. Das luftdurchl\u00e4ssige Material ist zudem besonders vertr\u00e4glich. Hansaplast Elastic besitzt ein guerelatsiches Gewebe mit Vlieswundauflage und ist dank des atmungsaktiven Materials sehr hautfreundlich. Der anschmiegsame Wundschnellverband eignet sich hervorragend f\u00fcr kleinere Wunden und Verletzungen an [&hellip;]<\/p>\n","protected":false},"featured_media":122819,"template":"","meta":{"_acf_changed":false},"product_brand":[328],"product_cat":[805],"product_tag":[],"class_list":{"0":"post-122817","1":"product","2":"type-product","3":"status-publish","4":"has-post-thumbnail","6":"product_brand-hansaplast","7":"product_cat-h","8":"pa_packungsgroesse-40-stueck","10":"first","11":"instock","12":"shipping-taxable","13":"purchasable","14":"product-type-simple"},"acf":[],"_links":{"self":[{"href":"https:\/\/www.ernstbrunn-apotheke.at\/katalog\/wp-json\/wp\/v2\/product\/122817","targetHints":{"allow":["GET"]}}],"collection":[{"href":"https:\/\/www.ernstbrunn-apotheke.at\/katalog\/wp-json\/wp\/v2\/product"}],"about":[{"href":"https:\/\/www.ernstbrunn-apotheke.at\/katalog\/wp-json\/wp\/v2\/types\/product"}],"wp:featuredmedia":[{"embeddable":true,"href":"https:\/\/www.ernstbrunn-apotheke.at\/katalog\/wp-json\/wp\/v2\/media\/122819"}],"wp:attachment":[{"href":"https:\/\/www.ernstbrunn-apotheke.at\/katalog\/wp-json\/wp\/v2\/media?parent=122817"}],"wp:term":[{"taxonomy":"product_brand","embeddable":true,"href":"https:\/\/www.ernstbrunn-apotheke.at\/katalog\/wp-json\/wp\/v2\/product_brand?post=122817"},{"taxonomy":"product_cat","embeddable":true,"href":"https:\/\/www.ernstbrunn-apotheke.at\/katalog\/wp-json\/wp\/v2\/product_cat?post=122817"},{"taxonomy":"product_tag","embeddable":true,"href":"https:\/\/www.ernstbrunn-apotheke.at\/katalog\/wp-json\/wp\/v2\/product_tag?post=122817"}],"curies":[{"name":"wp","href":"https:\/\/api.w.org\/{rel}","templated":true}]}}