{"id":12267,"date":"2025-11-07T14:46:46","date_gmt":"2025-11-07T13:46:46","guid":{"rendered":"https:\/\/www.ernstbrunn-apotheke.at\/katalog\/produkt\/tetesept-venen-spezial-pflegelotion-250-ml\/"},"modified":"2025-12-08T13:33:00","modified_gmt":"2025-12-08T12:33:00","slug":"tetesept-venen-spezial-pflegelotion-250-ml","status":"publish","type":"product","link":"https:\/\/www.ernstbrunn-apotheke.at\/katalog\/produkt\/tetesept-venen-spezial-pflegelotion-250-ml\/","title":{"rendered":"Tetesept Venen Spezial Pflegelotion 250 ml"},"content":{"rendered":"<p>Tetesept Venen Spezial Pflegelotion enth\u00e4lt \u00e4therische \u00d6le und Pflanzen-Extrakte. Sie wirkt wohltuend auf schwere Beine.<\/p>\n","protected":false},"excerpt":{"rendered":"<p>Tetesept Venen Spezial Pflegelotion enth\u00e4lt \u00e4therische \u00d6le und Pflanzen-Extrakte. Sie wirkt wohltuend auf schwere Beine.<\/p>\n","protected":false},"featured_media":12269,"template":"","meta":{"_acf_changed":false},"product_brand":[487],"product_cat":[798],"product_tag":[],"class_list":{"0":"post-12267","1":"product","2":"type-product","3":"status-publish","4":"has-post-thumbnail","6":"product_brand-tetesept","7":"product_cat-t","8":"pa_packungsgroesse-250ml","10":"first","11":"instock","12":"shipping-taxable","13":"purchasable","14":"product-type-simple"},"acf":[],"_links":{"self":[{"href":"https:\/\/www.ernstbrunn-apotheke.at\/katalog\/wp-json\/wp\/v2\/product\/12267","targetHints":{"allow":["GET"]}}],"collection":[{"href":"https:\/\/www.ernstbrunn-apotheke.at\/katalog\/wp-json\/wp\/v2\/product"}],"about":[{"href":"https:\/\/www.ernstbrunn-apotheke.at\/katalog\/wp-json\/wp\/v2\/types\/product"}],"wp:featuredmedia":[{"embeddable":true,"href":"https:\/\/www.ernstbrunn-apotheke.at\/katalog\/wp-json\/wp\/v2\/media\/12269"}],"wp:attachment":[{"href":"https:\/\/www.ernstbrunn-apotheke.at\/katalog\/wp-json\/wp\/v2\/media?parent=12267"}],"wp:term":[{"taxonomy":"product_brand","embeddable":true,"href":"https:\/\/www.ernstbrunn-apotheke.at\/katalog\/wp-json\/wp\/v2\/product_brand?post=12267"},{"taxonomy":"product_cat","embeddable":true,"href":"https:\/\/www.ernstbrunn-apotheke.at\/katalog\/wp-json\/wp\/v2\/product_cat?post=12267"},{"taxonomy":"product_tag","embeddable":true,"href":"https:\/\/www.ernstbrunn-apotheke.at\/katalog\/wp-json\/wp\/v2\/product_tag?post=12267"}],"curies":[{"name":"wp","href":"https:\/\/api.w.org\/{rel}","templated":true}]}}