{"id":122475,"date":"2025-11-13T10:43:54","date_gmt":"2025-11-13T09:43:54","guid":{"rendered":"https:\/\/www.ernstbrunn-apotheke.at\/katalog\/produkt\/gaviscon-liquid-forte-anis-suspension-300-ml\/"},"modified":"2025-12-09T09:49:51","modified_gmt":"2025-12-09T08:49:51","slug":"gaviscon-liquid-forte-anis-suspension-300-ml","status":"publish","type":"product","link":"https:\/\/www.ernstbrunn-apotheke.at\/katalog\/produkt\/gaviscon-liquid-forte-anis-suspension-300-ml\/","title":{"rendered":"Gaviscon Liquid forte Anis Suspension 300 ml"},"content":{"rendered":"<p>Gaviscon Liquid forte Anis geh\u00f6rt zur Arzneimittelgruppe der sogenannten \u201eRefluxsuppressiva\u201c.  Es wird f\u00fcr die Behandlung von Beschwerden des gastro-\u00f6sophagealen R\u00fcckfluss (Reflux) wie saures Aufsto\u00dfen, Sodbrennen und Verdauungsst\u00f6rungen (verbunden mit R\u00fcckfluss), zum Beispiel nach Mahlzeiten, w\u00e4hrend der Schwangerschaft oder bei Patienten mit Beschwerden in Zusammenhang mit einer Speiser\u00f6hrenentz\u00fcndung aufgrund eines R\u00fcckflusses angewendet. Gaviscon Liquid forte Anis bildet eine Schutzschicht, die dem Mageninhalt aufschwimmt. Diese Schicht verhindert den R\u00fcckfluss und h\u00e4lt den Mageninhalt von der Speiser\u00f6hre zur\u00fcck, um die Symptome Sodbrennen und s\u00e4uerungsbedingte Verdauungsst\u00f6rung zu lindern.<\/p>\n","protected":false},"excerpt":{"rendered":"<p>Gaviscon Liquid forte Anis geh\u00f6rt zur Arzneimittelgruppe der sogenannten \u201eRefluxsuppressiva\u201c. Es wird f\u00fcr die Behandlung von Beschwerden des gastro-\u00f6sophagealen R\u00fcckfluss (Reflux) wie saures Aufsto\u00dfen, Sodbrennen und Verdauungsst\u00f6rungen (verbunden mit R\u00fcckfluss), zum Beispiel nach Mahlzeiten, w\u00e4hrend der Schwangerschaft oder bei Patienten mit Beschwerden in Zusammenhang mit einer Speiser\u00f6hrenentz\u00fcndung aufgrund eines R\u00fcckflusses angewendet. Gaviscon Liquid forte Anis [&hellip;]<\/p>\n","protected":false},"featured_media":122477,"template":"","meta":{"_acf_changed":false},"product_brand":[851],"product_cat":[810],"product_tag":[],"class_list":{"0":"post-122475","1":"product","2":"type-product","3":"status-publish","4":"has-post-thumbnail","6":"product_brand-gaviscon","7":"product_cat-g","8":"pa_packungsgroesse-300ml","10":"first","11":"instock","12":"shipping-taxable","13":"purchasable","14":"product-type-simple"},"acf":[],"_links":{"self":[{"href":"https:\/\/www.ernstbrunn-apotheke.at\/katalog\/wp-json\/wp\/v2\/product\/122475","targetHints":{"allow":["GET"]}}],"collection":[{"href":"https:\/\/www.ernstbrunn-apotheke.at\/katalog\/wp-json\/wp\/v2\/product"}],"about":[{"href":"https:\/\/www.ernstbrunn-apotheke.at\/katalog\/wp-json\/wp\/v2\/types\/product"}],"wp:featuredmedia":[{"embeddable":true,"href":"https:\/\/www.ernstbrunn-apotheke.at\/katalog\/wp-json\/wp\/v2\/media\/122477"}],"wp:attachment":[{"href":"https:\/\/www.ernstbrunn-apotheke.at\/katalog\/wp-json\/wp\/v2\/media?parent=122475"}],"wp:term":[{"taxonomy":"product_brand","embeddable":true,"href":"https:\/\/www.ernstbrunn-apotheke.at\/katalog\/wp-json\/wp\/v2\/product_brand?post=122475"},{"taxonomy":"product_cat","embeddable":true,"href":"https:\/\/www.ernstbrunn-apotheke.at\/katalog\/wp-json\/wp\/v2\/product_cat?post=122475"},{"taxonomy":"product_tag","embeddable":true,"href":"https:\/\/www.ernstbrunn-apotheke.at\/katalog\/wp-json\/wp\/v2\/product_tag?post=122475"}],"curies":[{"name":"wp","href":"https:\/\/api.w.org\/{rel}","templated":true}]}}