{"id":121405,"date":"2025-11-13T10:20:48","date_gmt":"2025-11-13T09:20:48","guid":{"rendered":"https:\/\/www.ernstbrunn-apotheke.at\/katalog\/produkt\/erapatch-fieberblasen-pflaster-15-stk\/"},"modified":"2025-12-09T09:46:09","modified_gmt":"2025-12-09T08:46:09","slug":"erapatch-fieberblasen-pflaster-15-stk","status":"publish","type":"product","link":"https:\/\/www.ernstbrunn-apotheke.at\/katalog\/produkt\/erapatch-fieberblasen-pflaster-15-stk\/","title":{"rendered":"Erapatch Fieberblasen Pflaster 15 Stk."},"content":{"rendered":"<p>ERAPATCH ist das erste und einzige Fieberblasenpflaster mit Hyalurons\u00e4ure. Dabei geht ERAPATCH \u00fcber den rein kosmetischen Aspekt anderer Fieberblasenpflaster klar hinaus. Die Wunde wird nicht nur abgedeckt und gesch\u00fctzt, sondern durch die in der Klebeschicht enthaltene Hyalurons\u00e4ure auch befeuchtet und somit die Abheilung gef\u00f6rdert.  Zus\u00e4tzlich bildet das Pflaster eine Schutzbarriere gegen Umgebungseinfl\u00fcsse. Dadurch kann das Infektionsrisiko reduziert und die Haut vor Narbenbildung gesch\u00fctzt werden.<\/p>\n","protected":false},"excerpt":{"rendered":"<p>ERAPATCH ist das erste und einzige Fieberblasenpflaster mit Hyalurons\u00e4ure. Dabei geht ERAPATCH \u00fcber den rein kosmetischen Aspekt anderer Fieberblasenpflaster klar hinaus. Die Wunde wird nicht nur abgedeckt und gesch\u00fctzt, sondern durch die in der Klebeschicht enthaltene Hyalurons\u00e4ure auch befeuchtet und somit die Abheilung gef\u00f6rdert. Zus\u00e4tzlich bildet das Pflaster eine Schutzbarriere gegen Umgebungseinfl\u00fcsse. Dadurch kann das [&hellip;]<\/p>\n","protected":false},"featured_media":121407,"template":"","meta":{"_acf_changed":false},"product_brand":[],"product_cat":[794],"product_tag":[],"class_list":{"0":"post-121405","1":"product","2":"type-product","3":"status-publish","4":"has-post-thumbnail","6":"product_cat-e","7":"pa_packungsgroesse-15-stueck","9":"first","10":"instock","11":"shipping-taxable","12":"purchasable","13":"product-type-simple"},"acf":[],"_links":{"self":[{"href":"https:\/\/www.ernstbrunn-apotheke.at\/katalog\/wp-json\/wp\/v2\/product\/121405","targetHints":{"allow":["GET"]}}],"collection":[{"href":"https:\/\/www.ernstbrunn-apotheke.at\/katalog\/wp-json\/wp\/v2\/product"}],"about":[{"href":"https:\/\/www.ernstbrunn-apotheke.at\/katalog\/wp-json\/wp\/v2\/types\/product"}],"wp:featuredmedia":[{"embeddable":true,"href":"https:\/\/www.ernstbrunn-apotheke.at\/katalog\/wp-json\/wp\/v2\/media\/121407"}],"wp:attachment":[{"href":"https:\/\/www.ernstbrunn-apotheke.at\/katalog\/wp-json\/wp\/v2\/media?parent=121405"}],"wp:term":[{"taxonomy":"product_brand","embeddable":true,"href":"https:\/\/www.ernstbrunn-apotheke.at\/katalog\/wp-json\/wp\/v2\/product_brand?post=121405"},{"taxonomy":"product_cat","embeddable":true,"href":"https:\/\/www.ernstbrunn-apotheke.at\/katalog\/wp-json\/wp\/v2\/product_cat?post=121405"},{"taxonomy":"product_tag","embeddable":true,"href":"https:\/\/www.ernstbrunn-apotheke.at\/katalog\/wp-json\/wp\/v2\/product_tag?post=121405"}],"curies":[{"name":"wp","href":"https:\/\/api.w.org\/{rel}","templated":true}]}}