{"id":12121,"date":"2025-11-07T14:44:39","date_gmt":"2025-11-07T13:44:39","guid":{"rendered":"https:\/\/www.ernstbrunn-apotheke.at\/katalog\/produkt\/haedensa-zaepfchen\/"},"modified":"2025-12-08T13:32:32","modified_gmt":"2025-12-08T12:32:32","slug":"haedensa-zaepfchen","status":"publish","type":"product","link":"https:\/\/www.ernstbrunn-apotheke.at\/katalog\/produkt\/haedensa-zaepfchen\/","title":{"rendered":"H\u00e4densa Z\u00e4pfchen"},"content":{"rendered":"<p>H\u00e4densa Z\u00e4pfchen sind H\u00e4morrhoidalz\u00e4pfchen und werden bei inneren und \u00e4u\u00dferen H\u00e4morrhoiden, Einrissen der Haut sowie Juckreiz im Analbereich angewendet. Sie wirken entz\u00fcndungshemmend, k\u00fchlend, schmerzstillend und antiseptisch.<\/p>\n","protected":false},"excerpt":{"rendered":"<p>H\u00e4densa Z\u00e4pfchen sind H\u00e4morrhoidalz\u00e4pfchen und werden bei inneren und \u00e4u\u00dferen H\u00e4morrhoiden, Einrissen der Haut sowie Juckreiz im Analbereich angewendet. Sie wirken entz\u00fcndungshemmend, k\u00fchlend, schmerzstillend und antiseptisch.<\/p>\n","protected":false},"featured_media":12123,"template":"","meta":{"_acf_changed":false},"product_brand":[481],"product_cat":[805],"product_tag":[],"class_list":{"0":"post-12121","1":"product","2":"type-product","3":"status-publish","4":"has-post-thumbnail","6":"product_brand-haedensa","7":"product_cat-h","8":"pa_packungsgroesse-10-stueck","10":"first","11":"instock","12":"shipping-taxable","13":"purchasable","14":"product-type-simple"},"acf":[],"_links":{"self":[{"href":"https:\/\/www.ernstbrunn-apotheke.at\/katalog\/wp-json\/wp\/v2\/product\/12121","targetHints":{"allow":["GET"]}}],"collection":[{"href":"https:\/\/www.ernstbrunn-apotheke.at\/katalog\/wp-json\/wp\/v2\/product"}],"about":[{"href":"https:\/\/www.ernstbrunn-apotheke.at\/katalog\/wp-json\/wp\/v2\/types\/product"}],"wp:featuredmedia":[{"embeddable":true,"href":"https:\/\/www.ernstbrunn-apotheke.at\/katalog\/wp-json\/wp\/v2\/media\/12123"}],"wp:attachment":[{"href":"https:\/\/www.ernstbrunn-apotheke.at\/katalog\/wp-json\/wp\/v2\/media?parent=12121"}],"wp:term":[{"taxonomy":"product_brand","embeddable":true,"href":"https:\/\/www.ernstbrunn-apotheke.at\/katalog\/wp-json\/wp\/v2\/product_brand?post=12121"},{"taxonomy":"product_cat","embeddable":true,"href":"https:\/\/www.ernstbrunn-apotheke.at\/katalog\/wp-json\/wp\/v2\/product_cat?post=12121"},{"taxonomy":"product_tag","embeddable":true,"href":"https:\/\/www.ernstbrunn-apotheke.at\/katalog\/wp-json\/wp\/v2\/product_tag?post=12121"}],"curies":[{"name":"wp","href":"https:\/\/api.w.org\/{rel}","templated":true}]}}