{"id":12062,"date":"2025-11-07T14:43:42","date_gmt":"2025-11-07T13:43:42","guid":{"rendered":"https:\/\/www.ernstbrunn-apotheke.at\/katalog\/produkt\/sperti-preparation-h-haemorrhoidalsalbe-25-g\/"},"modified":"2025-12-08T13:32:21","modified_gmt":"2025-12-08T12:32:21","slug":"sperti-preparation-h-haemorrhoidalsalbe-25-g","status":"publish","type":"product","link":"https:\/\/www.ernstbrunn-apotheke.at\/katalog\/produkt\/sperti-preparation-h-haemorrhoidalsalbe-25-g\/","title":{"rendered":"Sperti Preparation H H\u00e4morrhoidalsalbe 25 g"},"content":{"rendered":"<p>Sperti Preparation H ist ein entz\u00fcndungshemmendes Arzneimittel zur Behandlung von H\u00e4morrhoidalleiden. Es l\u00e4sst H\u00e4morrhoiden schrumpfen, lindert Schmerzen, Brennen und Jucken.<\/p>\n","protected":false},"excerpt":{"rendered":"<p>Sperti Preparation H ist ein entz\u00fcndungshemmendes Arzneimittel zur Behandlung von H\u00e4morrhoidalleiden. Es l\u00e4sst H\u00e4morrhoiden schrumpfen, lindert Schmerzen, Brennen und Jucken.<\/p>\n","protected":false},"featured_media":12064,"template":"","meta":{"_acf_changed":false},"product_brand":[],"product_cat":[791],"product_tag":[],"class_list":{"0":"post-12062","1":"product","2":"type-product","3":"status-publish","4":"has-post-thumbnail","6":"product_cat-s","7":"pa_packungsgroesse-25g","9":"first","10":"instock","11":"shipping-taxable","12":"purchasable","13":"product-type-simple"},"acf":[],"_links":{"self":[{"href":"https:\/\/www.ernstbrunn-apotheke.at\/katalog\/wp-json\/wp\/v2\/product\/12062","targetHints":{"allow":["GET"]}}],"collection":[{"href":"https:\/\/www.ernstbrunn-apotheke.at\/katalog\/wp-json\/wp\/v2\/product"}],"about":[{"href":"https:\/\/www.ernstbrunn-apotheke.at\/katalog\/wp-json\/wp\/v2\/types\/product"}],"wp:featuredmedia":[{"embeddable":true,"href":"https:\/\/www.ernstbrunn-apotheke.at\/katalog\/wp-json\/wp\/v2\/media\/12064"}],"wp:attachment":[{"href":"https:\/\/www.ernstbrunn-apotheke.at\/katalog\/wp-json\/wp\/v2\/media?parent=12062"}],"wp:term":[{"taxonomy":"product_brand","embeddable":true,"href":"https:\/\/www.ernstbrunn-apotheke.at\/katalog\/wp-json\/wp\/v2\/product_brand?post=12062"},{"taxonomy":"product_cat","embeddable":true,"href":"https:\/\/www.ernstbrunn-apotheke.at\/katalog\/wp-json\/wp\/v2\/product_cat?post=12062"},{"taxonomy":"product_tag","embeddable":true,"href":"https:\/\/www.ernstbrunn-apotheke.at\/katalog\/wp-json\/wp\/v2\/product_tag?post=12062"}],"curies":[{"name":"wp","href":"https:\/\/api.w.org\/{rel}","templated":true}]}}