{"id":120266,"date":"2025-11-13T09:18:26","date_gmt":"2025-11-13T08:18:26","guid":{"rendered":"https:\/\/www.ernstbrunn-apotheke.at\/katalog\/produkt\/dermovitamina-ragadi-geloni-creme-75-ml\/"},"modified":"2025-12-09T09:42:38","modified_gmt":"2025-12-09T08:42:38","slug":"dermovitamina-ragadi-geloni-creme-75-ml","status":"publish","type":"product","link":"https:\/\/www.ernstbrunn-apotheke.at\/katalog\/produkt\/dermovitamina-ragadi-geloni-creme-75-ml\/","title":{"rendered":"Dermovitamina Ragadi-Geloni Creme 75 ml"},"content":{"rendered":"<p>Dermovitamina Ragadi-Geloni ist eine Creme f\u00fcr H\u00e4nde und F\u00fc\u00dfe zur Behandlung von Rhagaden, das sind tiefe Hauteinrisse bis in die Lederhaut infolge starker K\u00e4lte, Verletzung, Austrocknung oder geringer Elastizit\u00e4t der Haut. Mit ihrer Kombination aus Lipiden erh\u00e4lt und erneuert die Creme die nat\u00fcrliche, hauteigene Schutzschicht und schirmt die Haut vor aggressiven Umwelteinfl\u00fcssen ab. Angereichert mit Ceramiden h\u00e4lt Dermovitamina Ragadi-Geloni die einzelnen Hautzellen zusammen, weshalb sie auch pr\u00e4ventiv gegen Hautrisse angewendet werden kann, und durch das enthaltene Panthenol, Vitamin E und Pflanzen\u00f6l bleibt die Haut weich und elastisch. Die Creme ist dermatologisch getestet, zieht schnell ein und fettet nicht.<\/p>\n","protected":false},"excerpt":{"rendered":"<p>Dermovitamina Ragadi-Geloni ist eine Creme f\u00fcr H\u00e4nde und F\u00fc\u00dfe zur Behandlung von Rhagaden, das sind tiefe Hauteinrisse bis in die Lederhaut infolge starker K\u00e4lte, Verletzung, Austrocknung oder geringer Elastizit\u00e4t der Haut. Mit ihrer Kombination aus Lipiden erh\u00e4lt und erneuert die Creme die nat\u00fcrliche, hauteigene Schutzschicht und schirmt die Haut vor aggressiven Umwelteinfl\u00fcssen ab. Angereichert mit [&hellip;]<\/p>\n","protected":false},"featured_media":120268,"template":"","meta":{"_acf_changed":false},"product_brand":[],"product_cat":[792],"product_tag":[],"class_list":{"0":"post-120266","1":"product","2":"type-product","3":"status-publish","4":"has-post-thumbnail","6":"product_cat-d","7":"pa_packungsgroesse-75ml","9":"first","10":"instock","11":"shipping-taxable","12":"purchasable","13":"product-type-simple"},"acf":[],"_links":{"self":[{"href":"https:\/\/www.ernstbrunn-apotheke.at\/katalog\/wp-json\/wp\/v2\/product\/120266","targetHints":{"allow":["GET"]}}],"collection":[{"href":"https:\/\/www.ernstbrunn-apotheke.at\/katalog\/wp-json\/wp\/v2\/product"}],"about":[{"href":"https:\/\/www.ernstbrunn-apotheke.at\/katalog\/wp-json\/wp\/v2\/types\/product"}],"wp:featuredmedia":[{"embeddable":true,"href":"https:\/\/www.ernstbrunn-apotheke.at\/katalog\/wp-json\/wp\/v2\/media\/120268"}],"wp:attachment":[{"href":"https:\/\/www.ernstbrunn-apotheke.at\/katalog\/wp-json\/wp\/v2\/media?parent=120266"}],"wp:term":[{"taxonomy":"product_brand","embeddable":true,"href":"https:\/\/www.ernstbrunn-apotheke.at\/katalog\/wp-json\/wp\/v2\/product_brand?post=120266"},{"taxonomy":"product_cat","embeddable":true,"href":"https:\/\/www.ernstbrunn-apotheke.at\/katalog\/wp-json\/wp\/v2\/product_cat?post=120266"},{"taxonomy":"product_tag","embeddable":true,"href":"https:\/\/www.ernstbrunn-apotheke.at\/katalog\/wp-json\/wp\/v2\/product_tag?post=120266"}],"curies":[{"name":"wp","href":"https:\/\/api.w.org\/{rel}","templated":true}]}}