{"id":120161,"date":"2025-11-13T09:16:07","date_gmt":"2025-11-13T08:16:07","guid":{"rendered":"https:\/\/www.ernstbrunn-apotheke.at\/katalog\/produkt\/darmwohl-altai-kapseln-90-stk\/"},"modified":"2025-12-09T09:42:25","modified_gmt":"2025-12-09T08:42:25","slug":"darmwohl-altai-kapseln-90-stk","status":"publish","type":"product","link":"https:\/\/www.ernstbrunn-apotheke.at\/katalog\/produkt\/darmwohl-altai-kapseln-90-stk\/","title":{"rendered":"Darmwohl ALTAI Kapseln 90 Stk."},"content":{"rendered":"<p>Darmwohl ALTAI Kapseln 90 Stk. sind ein Nahrungserg\u00e4nzungsmittel das Pektin enth\u00e4lt. Pektin ist ein darmfreundliches Pr\u00e4biotikum aus der Gruppe der Polysaccharide (Vielfachzucker) Pektin landet unverdaut im Dickdarm, ist also kein Zucker im herk\u00f6mmlichen Sinn.  Pektin verlangsamt die Entleerung des Magens und macht somit l\u00e4nger satt, hemmt die Fettverdauung, und sorgt f\u00fcr eine erh\u00f6hte Fettausleitung. Daher gilt Pektin als wirkungsvolle Abnehmhilfe. Dabei verbessert es die Darmflora und wirkt entgiftend.<\/p>\n","protected":false},"excerpt":{"rendered":"<p>Darmwohl ALTAI Kapseln 90 Stk. sind ein Nahrungserg\u00e4nzungsmittel das Pektin enth\u00e4lt. Pektin ist ein darmfreundliches Pr\u00e4biotikum aus der Gruppe der Polysaccharide (Vielfachzucker) Pektin landet unverdaut im Dickdarm, ist also kein Zucker im herk\u00f6mmlichen Sinn. Pektin verlangsamt die Entleerung des Magens und macht somit l\u00e4nger satt, hemmt die Fettverdauung, und sorgt f\u00fcr eine erh\u00f6hte Fettausleitung. Daher [&hellip;]<\/p>\n","protected":false},"featured_media":120163,"template":"","meta":{"_acf_changed":false},"product_brand":[],"product_cat":[792],"product_tag":[],"class_list":{"0":"post-120161","1":"product","2":"type-product","3":"status-publish","4":"has-post-thumbnail","6":"product_cat-d","7":"pa_packungsgroesse-90-stueck","9":"first","10":"instock","11":"shipping-taxable","12":"purchasable","13":"product-type-simple"},"acf":[],"_links":{"self":[{"href":"https:\/\/www.ernstbrunn-apotheke.at\/katalog\/wp-json\/wp\/v2\/product\/120161","targetHints":{"allow":["GET"]}}],"collection":[{"href":"https:\/\/www.ernstbrunn-apotheke.at\/katalog\/wp-json\/wp\/v2\/product"}],"about":[{"href":"https:\/\/www.ernstbrunn-apotheke.at\/katalog\/wp-json\/wp\/v2\/types\/product"}],"wp:featuredmedia":[{"embeddable":true,"href":"https:\/\/www.ernstbrunn-apotheke.at\/katalog\/wp-json\/wp\/v2\/media\/120163"}],"wp:attachment":[{"href":"https:\/\/www.ernstbrunn-apotheke.at\/katalog\/wp-json\/wp\/v2\/media?parent=120161"}],"wp:term":[{"taxonomy":"product_brand","embeddable":true,"href":"https:\/\/www.ernstbrunn-apotheke.at\/katalog\/wp-json\/wp\/v2\/product_brand?post=120161"},{"taxonomy":"product_cat","embeddable":true,"href":"https:\/\/www.ernstbrunn-apotheke.at\/katalog\/wp-json\/wp\/v2\/product_cat?post=120161"},{"taxonomy":"product_tag","embeddable":true,"href":"https:\/\/www.ernstbrunn-apotheke.at\/katalog\/wp-json\/wp\/v2\/product_tag?post=120161"}],"curies":[{"name":"wp","href":"https:\/\/api.w.org\/{rel}","templated":true}]}}