{"id":119896,"date":"2025-11-13T09:09:16","date_gmt":"2025-11-13T08:09:16","guid":{"rendered":"https:\/\/www.ernstbrunn-apotheke.at\/katalog\/produkt\/caudalie-vinotherapist-pflegecreme-fuer-schoene-fuesse\/"},"modified":"2025-12-08T23:17:33","modified_gmt":"2025-12-08T22:17:33","slug":"caudalie-vinotherapist-pflegecreme-fuer-schoene-fuesse","status":"publish","type":"product","link":"https:\/\/www.ernstbrunn-apotheke.at\/katalog\/produkt\/caudalie-vinotherapist-pflegecreme-fuer-schoene-fuesse\/","title":{"rendered":"Caudalie Vinotherapist\u2122 Pflegecreme f\u00fcr sch\u00f6ne F\u00fc\u00dfe"},"content":{"rendered":"<p>Die Vinotherapist&trade; Pflegecreme f&uuml;r sch&ouml;ne F&uuml;&szlig;e n&auml;hrt und repariert trockene, sogar rissige F&uuml;&szlig;e. Spannungsgef&uuml;hle und raue Stellen werden werden gemildert und raue Stellen f&uuml;r eine weiche und geschmeidige Haut reduziert.<\/p>\n<p><strong>Hauttyp&nbsp;:<\/strong> Trockene bis sehr trockene Haut<\/p>\n<p><strong>Brauche&nbsp;:<\/strong> Feuchtigkeitsversorgung des K&ouml;rpers<\/p>\n<p><strong>Hauptinhaltsstoffe&nbsp;:<\/strong> Traubenkern&ouml;l, Bio-Sheabutter, Weinlaub-Extrakt<\/p>\n<p><strong>Textur&nbsp;:<\/strong> Reichhaltige Creme<\/p>\n<p><strong>Verwendung&nbsp;:<\/strong> Morgens und abends, jeden Tag<\/p>\n<p><strong>Rezeptur:<\/strong><\/p>\n<ul>\n<li>95 % Inhaltsstoffe nat&uuml;rlichen Ursprungs<\/li>\n<li>Dermatologisch getestet<\/li>\n<li>Vegan<\/li>\n<\/ul>\n<p><strong>Sichtbare Resultate<\/strong><\/p>\n<ul>\n<li>95% der Frauen fanden, dass die Haut ihrer F&uuml;&szlig;e gut gen&auml;hrt wird.*<\/li>\n<\/ul>\n<p>*Klinische Studie, % Zufriedenheit, 21 Probanden, 28 Tage.<\/p>\n<p><strong>Wussten Sie es?<\/strong><\/p>\n<p>Die Vinotherapist&trade; Pflegecreme f&uuml;r sch&ouml;ne F&uuml;&szlig;e ist mit einem Extrakt aus franz&ouml;sischem, rotem Weinlaub angereichert. Rote Weinbl&auml;tter enthalten Tannine und Flavonoide, die R&ouml;tungen reduzieren und die Mikrozirkulation aktivieren, um schwere Beine zu bek&auml;mpfen.&nbsp;<\/p>\n","protected":false},"excerpt":{"rendered":"<p>Die Vinotherapist&trade; Pflegecreme f&uuml;r sch&ouml;ne F&uuml;&szlig;e n&auml;hrt und repariert trockene, sogar rissige F&uuml;&szlig;e. Spannungsgef&uuml;hle und raue Stellen werden werden gemildert und raue Stellen f&uuml;r eine weiche und geschmeidige Haut reduziert. Hauttyp&nbsp;: Trockene bis sehr trockene Haut Brauche&nbsp;: Feuchtigkeitsversorgung des K&ouml;rpers Hauptinhaltsstoffe&nbsp;: Traubenkern&ouml;l, Bio-Sheabutter, Weinlaub-Extrakt Textur&nbsp;: Reichhaltige Creme Verwendung&nbsp;: Morgens und abends, jeden Tag Rezeptur: 95 [&hellip;]<\/p>\n","protected":false},"featured_media":119898,"template":"","meta":{"_acf_changed":false},"product_brand":[687],"product_cat":[812],"product_tag":[],"class_list":{"0":"post-119896","1":"product","2":"type-product","3":"status-publish","4":"has-post-thumbnail","6":"product_brand-caudalie","7":"product_cat-c","8":"pa_packungsgroesse-75ml","10":"first","11":"instock","12":"shipping-taxable","13":"purchasable","14":"product-type-simple"},"acf":[],"_links":{"self":[{"href":"https:\/\/www.ernstbrunn-apotheke.at\/katalog\/wp-json\/wp\/v2\/product\/119896","targetHints":{"allow":["GET"]}}],"collection":[{"href":"https:\/\/www.ernstbrunn-apotheke.at\/katalog\/wp-json\/wp\/v2\/product"}],"about":[{"href":"https:\/\/www.ernstbrunn-apotheke.at\/katalog\/wp-json\/wp\/v2\/types\/product"}],"wp:featuredmedia":[{"embeddable":true,"href":"https:\/\/www.ernstbrunn-apotheke.at\/katalog\/wp-json\/wp\/v2\/media\/119898"}],"wp:attachment":[{"href":"https:\/\/www.ernstbrunn-apotheke.at\/katalog\/wp-json\/wp\/v2\/media?parent=119896"}],"wp:term":[{"taxonomy":"product_brand","embeddable":true,"href":"https:\/\/www.ernstbrunn-apotheke.at\/katalog\/wp-json\/wp\/v2\/product_brand?post=119896"},{"taxonomy":"product_cat","embeddable":true,"href":"https:\/\/www.ernstbrunn-apotheke.at\/katalog\/wp-json\/wp\/v2\/product_cat?post=119896"},{"taxonomy":"product_tag","embeddable":true,"href":"https:\/\/www.ernstbrunn-apotheke.at\/katalog\/wp-json\/wp\/v2\/product_tag?post=119896"}],"curies":[{"name":"wp","href":"https:\/\/api.w.org\/{rel}","templated":true}]}}