{"id":119162,"date":"2025-11-13T08:53:15","date_gmt":"2025-11-13T07:53:15","guid":{"rendered":"https:\/\/www.ernstbrunn-apotheke.at\/katalog\/produkt\/biofit-hildegard-piloreum-tabs-nachfuellung-70-g\/"},"modified":"2025-12-08T23:11:40","modified_gmt":"2025-12-08T22:11:40","slug":"biofit-hildegard-piloreum-tabs-nachfuellung-70-g","status":"publish","type":"product","link":"https:\/\/www.ernstbrunn-apotheke.at\/katalog\/produkt\/biofit-hildegard-piloreum-tabs-nachfuellung-70-g\/","title":{"rendered":"Biofit Hildegard Piloreum Tabs Nachf\u00fcllung 70 g"},"content":{"rendered":"<p>Biofit Hildegard Piloreum Tabs bestehen aus Selleriesamen, Raute, Muskatnuss, Gew\u00fcrznelken und Steinbrech. Zus\u00e4tzlich ist noch Quittenfruchtpulver beigef\u00fcgt, das nach Hildegard ebenfalls empfohlen wird.<\/p>\n","protected":false},"excerpt":{"rendered":"<p>Biofit Hildegard Piloreum Tabs bestehen aus Selleriesamen, Raute, Muskatnuss, Gew\u00fcrznelken und Steinbrech. Zus\u00e4tzlich ist noch Quittenfruchtpulver beigef\u00fcgt, das nach Hildegard ebenfalls empfohlen wird.<\/p>\n","protected":false},"featured_media":0,"template":"","meta":{"_acf_changed":false},"product_brand":[1455],"product_cat":[802],"product_tag":[],"class_list":{"0":"post-119162","1":"product","2":"type-product","3":"status-publish","5":"product_brand-biofit","6":"product_cat-b","7":"pa_packungsgroesse-70g","9":"first","10":"instock","11":"shipping-taxable","12":"purchasable","13":"product-type-simple"},"acf":[],"_links":{"self":[{"href":"https:\/\/www.ernstbrunn-apotheke.at\/katalog\/wp-json\/wp\/v2\/product\/119162","targetHints":{"allow":["GET"]}}],"collection":[{"href":"https:\/\/www.ernstbrunn-apotheke.at\/katalog\/wp-json\/wp\/v2\/product"}],"about":[{"href":"https:\/\/www.ernstbrunn-apotheke.at\/katalog\/wp-json\/wp\/v2\/types\/product"}],"wp:attachment":[{"href":"https:\/\/www.ernstbrunn-apotheke.at\/katalog\/wp-json\/wp\/v2\/media?parent=119162"}],"wp:term":[{"taxonomy":"product_brand","embeddable":true,"href":"https:\/\/www.ernstbrunn-apotheke.at\/katalog\/wp-json\/wp\/v2\/product_brand?post=119162"},{"taxonomy":"product_cat","embeddable":true,"href":"https:\/\/www.ernstbrunn-apotheke.at\/katalog\/wp-json\/wp\/v2\/product_cat?post=119162"},{"taxonomy":"product_tag","embeddable":true,"href":"https:\/\/www.ernstbrunn-apotheke.at\/katalog\/wp-json\/wp\/v2\/product_tag?post=119162"}],"curies":[{"name":"wp","href":"https:\/\/api.w.org\/{rel}","templated":true}]}}