{"id":118840,"date":"2025-11-13T08:44:23","date_gmt":"2025-11-13T07:44:23","guid":{"rendered":"https:\/\/www.ernstbrunn-apotheke.at\/katalog\/produkt\/celyoung-extrem-handnagelhautcreme-35-ml\/"},"modified":"2025-12-08T23:10:20","modified_gmt":"2025-12-08T22:10:20","slug":"celyoung-extrem-handnagelhautcreme-35-ml","status":"publish","type":"product","link":"https:\/\/www.ernstbrunn-apotheke.at\/katalog\/produkt\/celyoung-extrem-handnagelhautcreme-35-ml\/","title":{"rendered":"Celyoung Extrem Hand+Nagelhautcreme 35 ml"},"content":{"rendered":"<p>Unter dem Motto \u2013 f\u00fcr Gesundheit, Sch\u00f6nheit, Wohlbefinden\u2013 ist die Drogerie Junek bemht, das Beste f\u00fcr ihre Kunden und deren Bedrfnisse zu bieten.Neben Teespezialit\u00e4ten, Geschenks- und Drogerieartikeln finden Sie auch dekorative Kosmetik, sowie K\u00f6rperpflegeprodukte.<\/p>\n","protected":false},"excerpt":{"rendered":"<p>Unter dem Motto \u2013 f\u00fcr Gesundheit, Sch\u00f6nheit, Wohlbefinden\u2013 ist die Drogerie Junek bemht, das Beste f\u00fcr ihre Kunden und deren Bedrfnisse zu bieten.Neben Teespezialit\u00e4ten, Geschenks- und Drogerieartikeln finden Sie auch dekorative Kosmetik, sowie K\u00f6rperpflegeprodukte.<\/p>\n","protected":false},"featured_media":118842,"template":"","meta":{"_acf_changed":false},"product_brand":[],"product_cat":[812],"product_tag":[],"class_list":{"0":"post-118840","1":"product","2":"type-product","3":"status-publish","4":"has-post-thumbnail","6":"product_cat-c","7":"pa_packungsgroesse-35ml","9":"first","10":"instock","11":"shipping-taxable","12":"purchasable","13":"product-type-simple"},"acf":[],"_links":{"self":[{"href":"https:\/\/www.ernstbrunn-apotheke.at\/katalog\/wp-json\/wp\/v2\/product\/118840","targetHints":{"allow":["GET"]}}],"collection":[{"href":"https:\/\/www.ernstbrunn-apotheke.at\/katalog\/wp-json\/wp\/v2\/product"}],"about":[{"href":"https:\/\/www.ernstbrunn-apotheke.at\/katalog\/wp-json\/wp\/v2\/types\/product"}],"wp:featuredmedia":[{"embeddable":true,"href":"https:\/\/www.ernstbrunn-apotheke.at\/katalog\/wp-json\/wp\/v2\/media\/118842"}],"wp:attachment":[{"href":"https:\/\/www.ernstbrunn-apotheke.at\/katalog\/wp-json\/wp\/v2\/media?parent=118840"}],"wp:term":[{"taxonomy":"product_brand","embeddable":true,"href":"https:\/\/www.ernstbrunn-apotheke.at\/katalog\/wp-json\/wp\/v2\/product_brand?post=118840"},{"taxonomy":"product_cat","embeddable":true,"href":"https:\/\/www.ernstbrunn-apotheke.at\/katalog\/wp-json\/wp\/v2\/product_cat?post=118840"},{"taxonomy":"product_tag","embeddable":true,"href":"https:\/\/www.ernstbrunn-apotheke.at\/katalog\/wp-json\/wp\/v2\/product_tag?post=118840"}],"curies":[{"name":"wp","href":"https:\/\/api.w.org\/{rel}","templated":true}]}}