{"id":118794,"date":"2025-11-13T08:43:02","date_gmt":"2025-11-13T07:43:02","guid":{"rendered":"https:\/\/www.ernstbrunn-apotheke.at\/katalog\/produkt\/cationorm-md-sine-10-ml\/"},"modified":"2025-12-08T23:10:08","modified_gmt":"2025-12-08T22:10:08","slug":"cationorm-md-sine-10-ml","status":"publish","type":"product","link":"https:\/\/www.ernstbrunn-apotheke.at\/katalog\/produkt\/cationorm-md-sine-10-ml\/","title":{"rendered":"Cationorm MD sine 10 ml"},"content":{"rendered":"<p>Cationorm ist ein Drei-Phasen-Pr\u00e4parat, das auf der innovativen Novasorb\u00ae-Emulsionstechnologie basiert und die ideale Hilfe bei trockenen Augen. Direkt nach dem Eintropfen verteilt sich die Emulsion gleichm\u00e4\u00dfig auf der Augenoberfl\u00e4che und erm\u00f6glicht so eine schnelle und langanhaltende Linderung von Symptomen trockener Augen. Die Augentropfen tragen zur Stabilit\u00e4t und zu einer geringeren Verdunstung des Tr\u00e4nenfilms bei, sorgt f\u00fcr eine dauerhafte Befeuchtung der Augenoberfl\u00e4che und bietet der Horn- und Bindehaut einen idealen Schutz &#8211; jetzt bestellen und ohne Wartezeit in der Apotheke abholen!<\/p>\n","protected":false},"excerpt":{"rendered":"<p>Cationorm ist ein Drei-Phasen-Pr\u00e4parat, das auf der innovativen Novasorb\u00ae-Emulsionstechnologie basiert und die ideale Hilfe bei trockenen Augen. Direkt nach dem Eintropfen verteilt sich die Emulsion gleichm\u00e4\u00dfig auf der Augenoberfl\u00e4che und erm\u00f6glicht so eine schnelle und langanhaltende Linderung von Symptomen trockener Augen. Die Augentropfen tragen zur Stabilit\u00e4t und zu einer geringeren Verdunstung des Tr\u00e4nenfilms bei, sorgt [&hellip;]<\/p>\n","protected":false},"featured_media":118796,"template":"","meta":{"_acf_changed":false},"product_brand":[],"product_cat":[812],"product_tag":[],"class_list":{"0":"post-118794","1":"product","2":"type-product","3":"status-publish","4":"has-post-thumbnail","6":"product_cat-c","7":"pa_packungsgroesse-10ml","9":"first","10":"instock","11":"shipping-taxable","12":"purchasable","13":"product-type-simple"},"acf":[],"_links":{"self":[{"href":"https:\/\/www.ernstbrunn-apotheke.at\/katalog\/wp-json\/wp\/v2\/product\/118794","targetHints":{"allow":["GET"]}}],"collection":[{"href":"https:\/\/www.ernstbrunn-apotheke.at\/katalog\/wp-json\/wp\/v2\/product"}],"about":[{"href":"https:\/\/www.ernstbrunn-apotheke.at\/katalog\/wp-json\/wp\/v2\/types\/product"}],"wp:featuredmedia":[{"embeddable":true,"href":"https:\/\/www.ernstbrunn-apotheke.at\/katalog\/wp-json\/wp\/v2\/media\/118796"}],"wp:attachment":[{"href":"https:\/\/www.ernstbrunn-apotheke.at\/katalog\/wp-json\/wp\/v2\/media?parent=118794"}],"wp:term":[{"taxonomy":"product_brand","embeddable":true,"href":"https:\/\/www.ernstbrunn-apotheke.at\/katalog\/wp-json\/wp\/v2\/product_brand?post=118794"},{"taxonomy":"product_cat","embeddable":true,"href":"https:\/\/www.ernstbrunn-apotheke.at\/katalog\/wp-json\/wp\/v2\/product_cat?post=118794"},{"taxonomy":"product_tag","embeddable":true,"href":"https:\/\/www.ernstbrunn-apotheke.at\/katalog\/wp-json\/wp\/v2\/product_tag?post=118794"}],"curies":[{"name":"wp","href":"https:\/\/api.w.org\/{rel}","templated":true}]}}