{"id":118563,"date":"2025-11-13T08:37:16","date_gmt":"2025-11-13T07:37:16","guid":{"rendered":"https:\/\/www.ernstbrunn-apotheke.at\/katalog\/produkt\/eleutherokokkus-saft-bonsal-250-ml\/"},"modified":"2025-12-08T23:09:04","modified_gmt":"2025-12-08T22:09:04","slug":"eleutherokokkus-saft-bonsal-250-ml","status":"publish","type":"product","link":"https:\/\/www.ernstbrunn-apotheke.at\/katalog\/produkt\/eleutherokokkus-saft-bonsal-250-ml\/","title":{"rendered":"Eleutherokokkus Saft Bonsal 250 ml"},"content":{"rendered":"<p>Bonsal\u00ae Eleutherokokksaft ist ein Muntermacher, der zur Regeneration der Kraftreserven dient. Er steigert die geistige und k\u00f6rperliche Leistungsf\u00e4higkeit und sorgt f\u00fcr allgemeines Wohlbefinden. Eine l\u00e4ngere Einnahme kann auch einen g\u00fcnstigen Einfluss auf das Immunsystem zeigen. Den Saft erhalten Sie in den Packungsgr\u00f6\u00dfen 30 ml und 250 ml.<\/p>\n","protected":false},"excerpt":{"rendered":"<p>Bonsal\u00ae Eleutherokokksaft ist ein Muntermacher, der zur Regeneration der Kraftreserven dient. Er steigert die geistige und k\u00f6rperliche Leistungsf\u00e4higkeit und sorgt f\u00fcr allgemeines Wohlbefinden. Eine l\u00e4ngere Einnahme kann auch einen g\u00fcnstigen Einfluss auf das Immunsystem zeigen. Den Saft erhalten Sie in den Packungsgr\u00f6\u00dfen 30 ml und 250 ml.<\/p>\n","protected":false},"featured_media":118565,"template":"","meta":{"_acf_changed":false},"product_brand":[],"product_cat":[794],"product_tag":[],"class_list":{"0":"post-118563","1":"product","2":"type-product","3":"status-publish","4":"has-post-thumbnail","6":"product_cat-e","7":"pa_packungsgroesse-250ml","9":"first","10":"instock","11":"shipping-taxable","12":"purchasable","13":"product-type-simple"},"acf":[],"_links":{"self":[{"href":"https:\/\/www.ernstbrunn-apotheke.at\/katalog\/wp-json\/wp\/v2\/product\/118563","targetHints":{"allow":["GET"]}}],"collection":[{"href":"https:\/\/www.ernstbrunn-apotheke.at\/katalog\/wp-json\/wp\/v2\/product"}],"about":[{"href":"https:\/\/www.ernstbrunn-apotheke.at\/katalog\/wp-json\/wp\/v2\/types\/product"}],"wp:featuredmedia":[{"embeddable":true,"href":"https:\/\/www.ernstbrunn-apotheke.at\/katalog\/wp-json\/wp\/v2\/media\/118565"}],"wp:attachment":[{"href":"https:\/\/www.ernstbrunn-apotheke.at\/katalog\/wp-json\/wp\/v2\/media?parent=118563"}],"wp:term":[{"taxonomy":"product_brand","embeddable":true,"href":"https:\/\/www.ernstbrunn-apotheke.at\/katalog\/wp-json\/wp\/v2\/product_brand?post=118563"},{"taxonomy":"product_cat","embeddable":true,"href":"https:\/\/www.ernstbrunn-apotheke.at\/katalog\/wp-json\/wp\/v2\/product_cat?post=118563"},{"taxonomy":"product_tag","embeddable":true,"href":"https:\/\/www.ernstbrunn-apotheke.at\/katalog\/wp-json\/wp\/v2\/product_tag?post=118563"}],"curies":[{"name":"wp","href":"https:\/\/api.w.org\/{rel}","templated":true}]}}