{"id":118271,"date":"2025-11-13T08:28:22","date_gmt":"2025-11-13T07:28:22","guid":{"rendered":"https:\/\/www.ernstbrunn-apotheke.at\/katalog\/produkt\/biofit-hildegard-pilogal-plus-galgant-fenchel-tabs-25-g\/"},"modified":"2025-12-08T23:07:57","modified_gmt":"2025-12-08T22:07:57","slug":"biofit-hildegard-pilogal-plus-galgant-fenchel-tabs-25-g","status":"publish","type":"product","link":"https:\/\/www.ernstbrunn-apotheke.at\/katalog\/produkt\/biofit-hildegard-pilogal-plus-galgant-fenchel-tabs-25-g\/","title":{"rendered":"Biofit Hildegard Pilogal Plus Galgant-Fenchel Tabs 25 g"},"content":{"rendered":"<p>Hildegard von Bingen Pilogal Plus Galgant-Fenchel-Tabs zeichnen sich durch die Kombination von scharfem Galgant mit den aromatischen Fenchelfr\u00fcchten aus. Der Fenchelanteil macht die Tabs milder und den Verzehr angenehmer. Daher sind sie besonders geeignet f\u00fcr Neueinsteiger, die die aromatische Sch\u00e4rfe des Galgants noch nicht kennen..<\/p>\n","protected":false},"excerpt":{"rendered":"<p>Hildegard von Bingen Pilogal Plus Galgant-Fenchel-Tabs zeichnen sich durch die Kombination von scharfem Galgant mit den aromatischen Fenchelfr\u00fcchten aus. Der Fenchelanteil macht die Tabs milder und den Verzehr angenehmer. Daher sind sie besonders geeignet f\u00fcr Neueinsteiger, die die aromatische Sch\u00e4rfe des Galgants noch nicht kennen..<\/p>\n","protected":false},"featured_media":118273,"template":"","meta":{"_acf_changed":false},"product_brand":[1455],"product_cat":[802],"product_tag":[],"class_list":{"0":"post-118271","1":"product","2":"type-product","3":"status-publish","4":"has-post-thumbnail","6":"product_brand-biofit","7":"product_cat-b","8":"pa_packungsgroesse-25g","10":"first","11":"instock","12":"shipping-taxable","13":"purchasable","14":"product-type-simple"},"acf":[],"_links":{"self":[{"href":"https:\/\/www.ernstbrunn-apotheke.at\/katalog\/wp-json\/wp\/v2\/product\/118271","targetHints":{"allow":["GET"]}}],"collection":[{"href":"https:\/\/www.ernstbrunn-apotheke.at\/katalog\/wp-json\/wp\/v2\/product"}],"about":[{"href":"https:\/\/www.ernstbrunn-apotheke.at\/katalog\/wp-json\/wp\/v2\/types\/product"}],"wp:featuredmedia":[{"embeddable":true,"href":"https:\/\/www.ernstbrunn-apotheke.at\/katalog\/wp-json\/wp\/v2\/media\/118273"}],"wp:attachment":[{"href":"https:\/\/www.ernstbrunn-apotheke.at\/katalog\/wp-json\/wp\/v2\/media?parent=118271"}],"wp:term":[{"taxonomy":"product_brand","embeddable":true,"href":"https:\/\/www.ernstbrunn-apotheke.at\/katalog\/wp-json\/wp\/v2\/product_brand?post=118271"},{"taxonomy":"product_cat","embeddable":true,"href":"https:\/\/www.ernstbrunn-apotheke.at\/katalog\/wp-json\/wp\/v2\/product_cat?post=118271"},{"taxonomy":"product_tag","embeddable":true,"href":"https:\/\/www.ernstbrunn-apotheke.at\/katalog\/wp-json\/wp\/v2\/product_tag?post=118271"}],"curies":[{"name":"wp","href":"https:\/\/api.w.org\/{rel}","templated":true}]}}