{"id":118260,"date":"2025-11-13T08:28:22","date_gmt":"2025-11-13T07:28:22","guid":{"rendered":"https:\/\/www.ernstbrunn-apotheke.at\/katalog\/produkt\/biofit-hildegard-menthapulmin-500-ml\/"},"modified":"2025-12-08T23:07:52","modified_gmt":"2025-12-08T22:07:52","slug":"biofit-hildegard-menthapulmin-500-ml","status":"publish","type":"product","link":"https:\/\/www.ernstbrunn-apotheke.at\/katalog\/produkt\/biofit-hildegard-menthapulmin-500-ml\/","title":{"rendered":"Biofit Hildegard Menthapulmin 500 ml"},"content":{"rendered":"<p>Biofit Hildegard Menthapulmin ist ein aromatisches Kr\u00e4uterelixier zur St\u00e4rkung von Magen und Darm. Menthapul enth\u00e4lt kr\u00e4ftige Kr\u00e4uter wie Galgant, S\u00fc\u00dfholz und Wermut sowie den Frischpflanzensaft der Poleiminze, die nach Hildegard die Kraft von f\u00fcnfzehn Kr\u00e4utern besitzt. Die \u00e4therischen \u00d6le der Minze und des Wermuts k\u00f6nnen auf den sensiblen Magen-Darm-Trakt einen beruhigenden und entspannenden Einfluss haben.<\/p>\n","protected":false},"excerpt":{"rendered":"<p>Biofit Hildegard Menthapulmin ist ein aromatisches Kr\u00e4uterelixier zur St\u00e4rkung von Magen und Darm. Menthapul enth\u00e4lt kr\u00e4ftige Kr\u00e4uter wie Galgant, S\u00fc\u00dfholz und Wermut sowie den Frischpflanzensaft der Poleiminze, die nach Hildegard die Kraft von f\u00fcnfzehn Kr\u00e4utern besitzt. Die \u00e4therischen \u00d6le der Minze und des Wermuts k\u00f6nnen auf den sensiblen Magen-Darm-Trakt einen beruhigenden und entspannenden Einfluss haben.<\/p>\n","protected":false},"featured_media":118262,"template":"","meta":{"_acf_changed":false},"product_brand":[1455],"product_cat":[802],"product_tag":[],"class_list":{"0":"post-118260","1":"product","2":"type-product","3":"status-publish","4":"has-post-thumbnail","6":"product_brand-biofit","7":"product_cat-b","8":"pa_packungsgroesse-500ml","10":"first","11":"instock","12":"shipping-taxable","13":"purchasable","14":"product-type-simple"},"acf":[],"_links":{"self":[{"href":"https:\/\/www.ernstbrunn-apotheke.at\/katalog\/wp-json\/wp\/v2\/product\/118260","targetHints":{"allow":["GET"]}}],"collection":[{"href":"https:\/\/www.ernstbrunn-apotheke.at\/katalog\/wp-json\/wp\/v2\/product"}],"about":[{"href":"https:\/\/www.ernstbrunn-apotheke.at\/katalog\/wp-json\/wp\/v2\/types\/product"}],"wp:featuredmedia":[{"embeddable":true,"href":"https:\/\/www.ernstbrunn-apotheke.at\/katalog\/wp-json\/wp\/v2\/media\/118262"}],"wp:attachment":[{"href":"https:\/\/www.ernstbrunn-apotheke.at\/katalog\/wp-json\/wp\/v2\/media?parent=118260"}],"wp:term":[{"taxonomy":"product_brand","embeddable":true,"href":"https:\/\/www.ernstbrunn-apotheke.at\/katalog\/wp-json\/wp\/v2\/product_brand?post=118260"},{"taxonomy":"product_cat","embeddable":true,"href":"https:\/\/www.ernstbrunn-apotheke.at\/katalog\/wp-json\/wp\/v2\/product_cat?post=118260"},{"taxonomy":"product_tag","embeddable":true,"href":"https:\/\/www.ernstbrunn-apotheke.at\/katalog\/wp-json\/wp\/v2\/product_tag?post=118260"}],"curies":[{"name":"wp","href":"https:\/\/api.w.org\/{rel}","templated":true}]}}