{"id":118214,"date":"2025-11-13T08:26:59","date_gmt":"2025-11-13T07:26:59","guid":{"rendered":"https:\/\/www.ernstbrunn-apotheke.at\/katalog\/produkt\/biofit-hildegard-galgantwurzel-gemahlen-40-g\/"},"modified":"2025-12-08T23:07:41","modified_gmt":"2025-12-08T22:07:41","slug":"biofit-hildegard-galgantwurzel-gemahlen-40-g","status":"publish","type":"product","link":"https:\/\/www.ernstbrunn-apotheke.at\/katalog\/produkt\/biofit-hildegard-galgantwurzel-gemahlen-40-g\/","title":{"rendered":"Biofit Hildegard Galgantwurzel gemahlen 40 g"},"content":{"rendered":"<p>Biofit Hildegard Galgantwurzel gemahlen ist durch seine aromatische Sch\u00e4rfe eine ausgezeichnete Alternative zu Pfeffer und Paprika. Sie werden die w\u00e4rmende Wirkung sofort sp\u00fcren. W\u00fcrzen Sie die Gerichte anfangs vorsichtig, denn Galgant ist scharf. Galgant sollte seinen fixen Platz im K\u00fcchenregal jedes Hildegardfreundes haben.<\/p>\n","protected":false},"excerpt":{"rendered":"<p>Biofit Hildegard Galgantwurzel gemahlen ist durch seine aromatische Sch\u00e4rfe eine ausgezeichnete Alternative zu Pfeffer und Paprika. Sie werden die w\u00e4rmende Wirkung sofort sp\u00fcren. W\u00fcrzen Sie die Gerichte anfangs vorsichtig, denn Galgant ist scharf. Galgant sollte seinen fixen Platz im K\u00fcchenregal jedes Hildegardfreundes haben.<\/p>\n","protected":false},"featured_media":118216,"template":"","meta":{"_acf_changed":false},"product_brand":[1455],"product_cat":[802],"product_tag":[],"class_list":{"0":"post-118214","1":"product","2":"type-product","3":"status-publish","4":"has-post-thumbnail","6":"product_brand-biofit","7":"product_cat-b","8":"pa_packungsgroesse-40g","10":"first","11":"instock","12":"shipping-taxable","13":"purchasable","14":"product-type-simple"},"acf":[],"_links":{"self":[{"href":"https:\/\/www.ernstbrunn-apotheke.at\/katalog\/wp-json\/wp\/v2\/product\/118214","targetHints":{"allow":["GET"]}}],"collection":[{"href":"https:\/\/www.ernstbrunn-apotheke.at\/katalog\/wp-json\/wp\/v2\/product"}],"about":[{"href":"https:\/\/www.ernstbrunn-apotheke.at\/katalog\/wp-json\/wp\/v2\/types\/product"}],"wp:featuredmedia":[{"embeddable":true,"href":"https:\/\/www.ernstbrunn-apotheke.at\/katalog\/wp-json\/wp\/v2\/media\/118216"}],"wp:attachment":[{"href":"https:\/\/www.ernstbrunn-apotheke.at\/katalog\/wp-json\/wp\/v2\/media?parent=118214"}],"wp:term":[{"taxonomy":"product_brand","embeddable":true,"href":"https:\/\/www.ernstbrunn-apotheke.at\/katalog\/wp-json\/wp\/v2\/product_brand?post=118214"},{"taxonomy":"product_cat","embeddable":true,"href":"https:\/\/www.ernstbrunn-apotheke.at\/katalog\/wp-json\/wp\/v2\/product_cat?post=118214"},{"taxonomy":"product_tag","embeddable":true,"href":"https:\/\/www.ernstbrunn-apotheke.at\/katalog\/wp-json\/wp\/v2\/product_tag?post=118214"}],"curies":[{"name":"wp","href":"https:\/\/api.w.org\/{rel}","templated":true}]}}