{"id":118161,"date":"2025-11-13T08:25:16","date_gmt":"2025-11-13T07:25:16","guid":{"rendered":"https:\/\/www.ernstbrunn-apotheke.at\/katalog\/produkt\/biofit-hildegard-brombeer-trank-500-ml\/"},"modified":"2025-12-08T23:07:26","modified_gmt":"2025-12-08T22:07:26","slug":"biofit-hildegard-brombeer-trank-500-ml","status":"publish","type":"product","link":"https:\/\/www.ernstbrunn-apotheke.at\/katalog\/produkt\/biofit-hildegard-brombeer-trank-500-ml\/","title":{"rendered":"Biofit Hildegard Brombeer Trank  500 ml"},"content":{"rendered":"<p>Biofit Hildegard Brombeer Trank ist wohl das geeignetste und beste Mittel zur Entschleimung und Aufl\u00f6sung einer Bronchitis sowie des chronischen Hustens. Ein hoher Bertramanteil und \u00e4therische \u00d6le l\u00f6sen den Bronchialschleim und sorgen f\u00fcr eine krampfl\u00f6sende, entz\u00fcndungs- und auswurff\u00f6rdernde Wirkung.<\/p>\n","protected":false},"excerpt":{"rendered":"<p>Biofit Hildegard Brombeer Trank ist wohl das geeignetste und beste Mittel zur Entschleimung und Aufl\u00f6sung einer Bronchitis sowie des chronischen Hustens. Ein hoher Bertramanteil und \u00e4therische \u00d6le l\u00f6sen den Bronchialschleim und sorgen f\u00fcr eine krampfl\u00f6sende, entz\u00fcndungs- und auswurff\u00f6rdernde Wirkung.<\/p>\n","protected":false},"featured_media":118163,"template":"","meta":{"_acf_changed":false},"product_brand":[1455],"product_cat":[802],"product_tag":[],"class_list":{"0":"post-118161","1":"product","2":"type-product","3":"status-publish","4":"has-post-thumbnail","6":"product_brand-biofit","7":"product_cat-b","8":"pa_packungsgroesse-500ml","10":"first","11":"instock","12":"shipping-taxable","13":"purchasable","14":"product-type-simple"},"acf":[],"_links":{"self":[{"href":"https:\/\/www.ernstbrunn-apotheke.at\/katalog\/wp-json\/wp\/v2\/product\/118161","targetHints":{"allow":["GET"]}}],"collection":[{"href":"https:\/\/www.ernstbrunn-apotheke.at\/katalog\/wp-json\/wp\/v2\/product"}],"about":[{"href":"https:\/\/www.ernstbrunn-apotheke.at\/katalog\/wp-json\/wp\/v2\/types\/product"}],"wp:featuredmedia":[{"embeddable":true,"href":"https:\/\/www.ernstbrunn-apotheke.at\/katalog\/wp-json\/wp\/v2\/media\/118163"}],"wp:attachment":[{"href":"https:\/\/www.ernstbrunn-apotheke.at\/katalog\/wp-json\/wp\/v2\/media?parent=118161"}],"wp:term":[{"taxonomy":"product_brand","embeddable":true,"href":"https:\/\/www.ernstbrunn-apotheke.at\/katalog\/wp-json\/wp\/v2\/product_brand?post=118161"},{"taxonomy":"product_cat","embeddable":true,"href":"https:\/\/www.ernstbrunn-apotheke.at\/katalog\/wp-json\/wp\/v2\/product_cat?post=118161"},{"taxonomy":"product_tag","embeddable":true,"href":"https:\/\/www.ernstbrunn-apotheke.at\/katalog\/wp-json\/wp\/v2\/product_tag?post=118161"}],"curies":[{"name":"wp","href":"https:\/\/api.w.org\/{rel}","templated":true}]}}