{"id":118118,"date":"2025-11-13T08:24:39","date_gmt":"2025-11-13T07:24:39","guid":{"rendered":"https:\/\/www.ernstbrunn-apotheke.at\/katalog\/produkt\/biofit-hildegard-andorn-trank-500-ml\/"},"modified":"2025-12-08T23:07:15","modified_gmt":"2025-12-08T22:07:15","slug":"biofit-hildegard-andorn-trank-500-ml","status":"publish","type":"product","link":"https:\/\/www.ernstbrunn-apotheke.at\/katalog\/produkt\/biofit-hildegard-andorn-trank-500-ml\/","title":{"rendered":"Biofit Hildegard Andorn Trank 500 ml"},"content":{"rendered":"<p>Biofit Hildegard Andorn Trank ist das Hustenelixier, es wird als erstes bei einem sogenannten Wald- und Wiesenhusten angewendet. Andornwein enth\u00e4lt Dill, zum Austrocknen des Hustens und Fenchelkraut zur Beruhigung. Diese Mischung hat eine auswurff\u00f6rdernde Eigenschaft und steigert die Sekretion in den Atemwegen. Die Schleiml\u00f6sung erleichtert dann das Abhusten.<\/p>\n","protected":false},"excerpt":{"rendered":"<p>Biofit Hildegard Andorn Trank ist das Hustenelixier, es wird als erstes bei einem sogenannten Wald- und Wiesenhusten angewendet. Andornwein enth\u00e4lt Dill, zum Austrocknen des Hustens und Fenchelkraut zur Beruhigung. Diese Mischung hat eine auswurff\u00f6rdernde Eigenschaft und steigert die Sekretion in den Atemwegen. Die Schleiml\u00f6sung erleichtert dann das Abhusten.<\/p>\n","protected":false},"featured_media":118120,"template":"","meta":{"_acf_changed":false},"product_brand":[1455],"product_cat":[802],"product_tag":[],"class_list":{"0":"post-118118","1":"product","2":"type-product","3":"status-publish","4":"has-post-thumbnail","6":"product_brand-biofit","7":"product_cat-b","8":"pa_packungsgroesse-500ml","10":"first","11":"instock","12":"shipping-taxable","13":"purchasable","14":"product-type-simple"},"acf":[],"_links":{"self":[{"href":"https:\/\/www.ernstbrunn-apotheke.at\/katalog\/wp-json\/wp\/v2\/product\/118118","targetHints":{"allow":["GET"]}}],"collection":[{"href":"https:\/\/www.ernstbrunn-apotheke.at\/katalog\/wp-json\/wp\/v2\/product"}],"about":[{"href":"https:\/\/www.ernstbrunn-apotheke.at\/katalog\/wp-json\/wp\/v2\/types\/product"}],"wp:featuredmedia":[{"embeddable":true,"href":"https:\/\/www.ernstbrunn-apotheke.at\/katalog\/wp-json\/wp\/v2\/media\/118120"}],"wp:attachment":[{"href":"https:\/\/www.ernstbrunn-apotheke.at\/katalog\/wp-json\/wp\/v2\/media?parent=118118"}],"wp:term":[{"taxonomy":"product_brand","embeddable":true,"href":"https:\/\/www.ernstbrunn-apotheke.at\/katalog\/wp-json\/wp\/v2\/product_brand?post=118118"},{"taxonomy":"product_cat","embeddable":true,"href":"https:\/\/www.ernstbrunn-apotheke.at\/katalog\/wp-json\/wp\/v2\/product_cat?post=118118"},{"taxonomy":"product_tag","embeddable":true,"href":"https:\/\/www.ernstbrunn-apotheke.at\/katalog\/wp-json\/wp\/v2\/product_tag?post=118118"}],"curies":[{"name":"wp","href":"https:\/\/api.w.org\/{rel}","templated":true}]}}