{"id":117917,"date":"2025-11-13T08:20:06","date_gmt":"2025-11-13T07:20:06","guid":{"rendered":"https:\/\/www.ernstbrunn-apotheke.at\/katalog\/produkt\/bausch-lomb-boston-aufbewahrung-120-ml\/"},"modified":"2025-12-08T23:05:56","modified_gmt":"2025-12-08T22:05:56","slug":"bausch-lomb-boston-aufbewahrung-120-ml","status":"publish","type":"product","link":"https:\/\/www.ernstbrunn-apotheke.at\/katalog\/produkt\/bausch-lomb-boston-aufbewahrung-120-ml\/","title":{"rendered":"Bausch &#038; Lomb Boston Aufbewahrung 120 ml"},"content":{"rendered":"<p>Bausch &#038; Lomb Boston Aufbewahrung ist eine speziell f\u00fcr sauerstoffdurchl\u00e4ssige und formstabile Kontaktlinsen entwickelte L\u00f6sung. Sie umh\u00fcllt die Kontaktlinse beim Einsetzen und erh\u00e4lt und verbessert die Benetzbarkeit w\u00e4hrend des gesamten Tages.<\/p>\n","protected":false},"excerpt":{"rendered":"<p>Bausch &#038; Lomb Boston Aufbewahrung ist eine speziell f\u00fcr sauerstoffdurchl\u00e4ssige und formstabile Kontaktlinsen entwickelte L\u00f6sung. Sie umh\u00fcllt die Kontaktlinse beim Einsetzen und erh\u00e4lt und verbessert die Benetzbarkeit w\u00e4hrend des gesamten Tages.<\/p>\n","protected":false},"featured_media":117919,"template":"","meta":{"_acf_changed":false},"product_brand":[],"product_cat":[802],"product_tag":[],"class_list":{"0":"post-117917","1":"product","2":"type-product","3":"status-publish","4":"has-post-thumbnail","6":"product_cat-b","7":"pa_packungsgroesse-120ml","9":"first","10":"instock","11":"shipping-taxable","12":"purchasable","13":"product-type-simple"},"acf":[],"_links":{"self":[{"href":"https:\/\/www.ernstbrunn-apotheke.at\/katalog\/wp-json\/wp\/v2\/product\/117917","targetHints":{"allow":["GET"]}}],"collection":[{"href":"https:\/\/www.ernstbrunn-apotheke.at\/katalog\/wp-json\/wp\/v2\/product"}],"about":[{"href":"https:\/\/www.ernstbrunn-apotheke.at\/katalog\/wp-json\/wp\/v2\/types\/product"}],"wp:featuredmedia":[{"embeddable":true,"href":"https:\/\/www.ernstbrunn-apotheke.at\/katalog\/wp-json\/wp\/v2\/media\/117919"}],"wp:attachment":[{"href":"https:\/\/www.ernstbrunn-apotheke.at\/katalog\/wp-json\/wp\/v2\/media?parent=117917"}],"wp:term":[{"taxonomy":"product_brand","embeddable":true,"href":"https:\/\/www.ernstbrunn-apotheke.at\/katalog\/wp-json\/wp\/v2\/product_brand?post=117917"},{"taxonomy":"product_cat","embeddable":true,"href":"https:\/\/www.ernstbrunn-apotheke.at\/katalog\/wp-json\/wp\/v2\/product_cat?post=117917"},{"taxonomy":"product_tag","embeddable":true,"href":"https:\/\/www.ernstbrunn-apotheke.at\/katalog\/wp-json\/wp\/v2\/product_tag?post=117917"}],"curies":[{"name":"wp","href":"https:\/\/api.w.org\/{rel}","templated":true}]}}