{"id":117554,"date":"2025-11-13T08:12:57","date_gmt":"2025-11-13T07:12:57","guid":{"rendered":"https:\/\/www.ernstbrunn-apotheke.at\/katalog\/produkt\/australische-buschbluetenessenz-little-flannel-15-ml\/"},"modified":"2025-12-08T23:02:36","modified_gmt":"2025-12-08T22:02:36","slug":"australische-buschbluetenessenz-little-flannel-15-ml","status":"publish","type":"product","link":"https:\/\/www.ernstbrunn-apotheke.at\/katalog\/produkt\/australische-buschbluetenessenz-little-flannel-15-ml\/","title":{"rendered":"Australische Buschbl\u00fctenessenz Little Flannel 15 ml"},"content":{"rendered":"<p>Australische Buschbl\u00fctenessenz Little Flannel k\u00fcmmert sich um das innere Kind und dessen Sorglosigkeit, spontaner Freude und Verspieltheit. Die Essenz ist f\u00fcr Menschen, die das Leben als d\u00fcstere, ernste Angelegenheit betrachten. Auch f\u00fcr Kinder, die viel zu schnell erwachsen werden, die die Sorgen der Welt auf ihre Schultern nehmen und dadurch vor ihrer Zeit &#8222;altern&#8220;, ist Little Flannel Flower geeignet.<\/p>\n","protected":false},"excerpt":{"rendered":"<p>Australische Buschbl\u00fctenessenz Little Flannel k\u00fcmmert sich um das innere Kind und dessen Sorglosigkeit, spontaner Freude und Verspieltheit. Die Essenz ist f\u00fcr Menschen, die das Leben als d\u00fcstere, ernste Angelegenheit betrachten. Auch f\u00fcr Kinder, die viel zu schnell erwachsen werden, die die Sorgen der Welt auf ihre Schultern nehmen und dadurch vor ihrer Zeit &#8222;altern&#8220;, ist [&hellip;]<\/p>\n","protected":false},"featured_media":0,"template":"","meta":{"_acf_changed":false},"product_brand":[],"product_cat":[801],"product_tag":[],"class_list":{"0":"post-117554","1":"product","2":"type-product","3":"status-publish","5":"product_cat-a","6":"pa_packungsgroesse-15ml","8":"first","9":"instock","10":"shipping-taxable","11":"purchasable","12":"product-type-simple"},"acf":[],"_links":{"self":[{"href":"https:\/\/www.ernstbrunn-apotheke.at\/katalog\/wp-json\/wp\/v2\/product\/117554","targetHints":{"allow":["GET"]}}],"collection":[{"href":"https:\/\/www.ernstbrunn-apotheke.at\/katalog\/wp-json\/wp\/v2\/product"}],"about":[{"href":"https:\/\/www.ernstbrunn-apotheke.at\/katalog\/wp-json\/wp\/v2\/types\/product"}],"wp:attachment":[{"href":"https:\/\/www.ernstbrunn-apotheke.at\/katalog\/wp-json\/wp\/v2\/media?parent=117554"}],"wp:term":[{"taxonomy":"product_brand","embeddable":true,"href":"https:\/\/www.ernstbrunn-apotheke.at\/katalog\/wp-json\/wp\/v2\/product_brand?post=117554"},{"taxonomy":"product_cat","embeddable":true,"href":"https:\/\/www.ernstbrunn-apotheke.at\/katalog\/wp-json\/wp\/v2\/product_cat?post=117554"},{"taxonomy":"product_tag","embeddable":true,"href":"https:\/\/www.ernstbrunn-apotheke.at\/katalog\/wp-json\/wp\/v2\/product_tag?post=117554"}],"curies":[{"name":"wp","href":"https:\/\/api.w.org\/{rel}","templated":true}]}}