{"id":117111,"date":"2025-11-13T08:01:46","date_gmt":"2025-11-13T07:01:46","guid":{"rendered":"https:\/\/www.ernstbrunn-apotheke.at\/katalog\/produkt\/bad-ischler-salz-unjodiert-500-g\/"},"modified":"2025-12-08T22:59:54","modified_gmt":"2025-12-08T21:59:54","slug":"bad-ischler-salz-unjodiert-500-g","status":"publish","type":"product","link":"https:\/\/www.ernstbrunn-apotheke.at\/katalog\/produkt\/bad-ischler-salz-unjodiert-500-g\/","title":{"rendered":"Bad Ischler Salz unjodiert 500 g"},"content":{"rendered":"<p>BAD ISCHLER Salz unjodiert ist der unverzichtbare Begleiter in der t\u00e4glichen K\u00fcche. Es wird direkt aus dem Herzen der \u00f6sterreichischen Alpen gewonnen und das schmeckt man: Seit Kindheitstagen kennen wir diesen puren Geschmack, den wir lieben. BAD ISCHLER Salz verfeinert jede Lieblingsspeise und sorgt f\u00fcr die ganz besondere Note..<\/p>\n","protected":false},"excerpt":{"rendered":"<p>BAD ISCHLER Salz unjodiert ist der unverzichtbare Begleiter in der t\u00e4glichen K\u00fcche. Es wird direkt aus dem Herzen der \u00f6sterreichischen Alpen gewonnen und das schmeckt man: Seit Kindheitstagen kennen wir diesen puren Geschmack, den wir lieben. BAD ISCHLER Salz verfeinert jede Lieblingsspeise und sorgt f\u00fcr die ganz besondere Note..<\/p>\n","protected":false},"featured_media":117113,"template":"","meta":{"_acf_changed":false},"product_brand":[],"product_cat":[802],"product_tag":[],"class_list":{"0":"post-117111","1":"product","2":"type-product","3":"status-publish","4":"has-post-thumbnail","6":"product_cat-b","7":"pa_packungsgroesse-500g","9":"first","10":"instock","11":"shipping-taxable","12":"purchasable","13":"product-type-simple"},"acf":[],"_links":{"self":[{"href":"https:\/\/www.ernstbrunn-apotheke.at\/katalog\/wp-json\/wp\/v2\/product\/117111","targetHints":{"allow":["GET"]}}],"collection":[{"href":"https:\/\/www.ernstbrunn-apotheke.at\/katalog\/wp-json\/wp\/v2\/product"}],"about":[{"href":"https:\/\/www.ernstbrunn-apotheke.at\/katalog\/wp-json\/wp\/v2\/types\/product"}],"wp:featuredmedia":[{"embeddable":true,"href":"https:\/\/www.ernstbrunn-apotheke.at\/katalog\/wp-json\/wp\/v2\/media\/117113"}],"wp:attachment":[{"href":"https:\/\/www.ernstbrunn-apotheke.at\/katalog\/wp-json\/wp\/v2\/media?parent=117111"}],"wp:term":[{"taxonomy":"product_brand","embeddable":true,"href":"https:\/\/www.ernstbrunn-apotheke.at\/katalog\/wp-json\/wp\/v2\/product_brand?post=117111"},{"taxonomy":"product_cat","embeddable":true,"href":"https:\/\/www.ernstbrunn-apotheke.at\/katalog\/wp-json\/wp\/v2\/product_cat?post=117111"},{"taxonomy":"product_tag","embeddable":true,"href":"https:\/\/www.ernstbrunn-apotheke.at\/katalog\/wp-json\/wp\/v2\/product_tag?post=117111"}],"curies":[{"name":"wp","href":"https:\/\/api.w.org\/{rel}","templated":true}]}}