{"id":117035,"date":"2025-11-13T08:00:19","date_gmt":"2025-11-13T07:00:19","guid":{"rendered":"https:\/\/www.ernstbrunn-apotheke.at\/katalog\/produkt\/rescue-night-tropfen-10-ml\/"},"modified":"2025-12-08T22:59:28","modified_gmt":"2025-12-08T21:59:28","slug":"rescue-night-tropfen-10-ml","status":"publish","type":"product","link":"https:\/\/www.ernstbrunn-apotheke.at\/katalog\/produkt\/rescue-night-tropfen-10-ml\/","title":{"rendered":"RESCUE Night Tropfen 10 ml"},"content":{"rendered":"<p>RESCUE NIGHT\u00ae enth\u00e4lt eine Kombination ausder Original Bach\u00ae-Bl\u00fctenmischung RESCUE\u00aeund der Original Bach\u00ae-Bl\u00fcten Wei\u00dfe Kastanie.White Chestnut ist Gef\u00fchlen der Unruhezugeordnet, z.B. wenn sich die Gedanken immerum dasselbe drehen.Die Original Bach\u00ae-Bl\u00fctenmischung f\u00fcr die Nacht!Die 38 Original Bach-Bl\u00fctenessenzen\u00ae &#038; dieOriginal Bach\u00ae-Bl\u00fctenmischung RESCUE\u00ae wurdein den 1930er Jahren von dem Engl\u00e4nder EdwardBach konzipiert.<\/p>\n","protected":false},"excerpt":{"rendered":"<p>RESCUE NIGHT\u00ae enth\u00e4lt eine Kombination ausder Original Bach\u00ae-Bl\u00fctenmischung RESCUE\u00aeund der Original Bach\u00ae-Bl\u00fcten Wei\u00dfe Kastanie.White Chestnut ist Gef\u00fchlen der Unruhezugeordnet, z.B. wenn sich die Gedanken immerum dasselbe drehen.Die Original Bach\u00ae-Bl\u00fctenmischung f\u00fcr die Nacht!Die 38 Original Bach-Bl\u00fctenessenzen\u00ae &#038; dieOriginal Bach\u00ae-Bl\u00fctenmischung RESCUE\u00ae wurdein den 1930er Jahren von dem Engl\u00e4nder EdwardBach konzipiert.<\/p>\n","protected":false},"featured_media":117037,"template":"","meta":{"_acf_changed":false},"product_brand":[],"product_cat":[808],"product_tag":[],"class_list":{"0":"post-117035","1":"product","2":"type-product","3":"status-publish","4":"has-post-thumbnail","6":"product_cat-r","7":"pa_packungsgroesse-10ml","9":"first","10":"instock","11":"shipping-taxable","12":"purchasable","13":"product-type-simple"},"acf":[],"_links":{"self":[{"href":"https:\/\/www.ernstbrunn-apotheke.at\/katalog\/wp-json\/wp\/v2\/product\/117035","targetHints":{"allow":["GET"]}}],"collection":[{"href":"https:\/\/www.ernstbrunn-apotheke.at\/katalog\/wp-json\/wp\/v2\/product"}],"about":[{"href":"https:\/\/www.ernstbrunn-apotheke.at\/katalog\/wp-json\/wp\/v2\/types\/product"}],"wp:featuredmedia":[{"embeddable":true,"href":"https:\/\/www.ernstbrunn-apotheke.at\/katalog\/wp-json\/wp\/v2\/media\/117037"}],"wp:attachment":[{"href":"https:\/\/www.ernstbrunn-apotheke.at\/katalog\/wp-json\/wp\/v2\/media?parent=117035"}],"wp:term":[{"taxonomy":"product_brand","embeddable":true,"href":"https:\/\/www.ernstbrunn-apotheke.at\/katalog\/wp-json\/wp\/v2\/product_brand?post=117035"},{"taxonomy":"product_cat","embeddable":true,"href":"https:\/\/www.ernstbrunn-apotheke.at\/katalog\/wp-json\/wp\/v2\/product_cat?post=117035"},{"taxonomy":"product_tag","embeddable":true,"href":"https:\/\/www.ernstbrunn-apotheke.at\/katalog\/wp-json\/wp\/v2\/product_tag?post=117035"}],"curies":[{"name":"wp","href":"https:\/\/api.w.org\/{rel}","templated":true}]}}