{"id":116958,"date":"2025-11-13T07:58:34","date_gmt":"2025-11-13T06:58:34","guid":{"rendered":"https:\/\/www.ernstbrunn-apotheke.at\/katalog\/produkt\/apopharm-bachblueten-22-oak-20-ml\/"},"modified":"2025-12-08T22:58:51","modified_gmt":"2025-12-08T21:58:51","slug":"apopharm-bachblueten-22-oak-20-ml","status":"publish","type":"product","link":"https:\/\/www.ernstbrunn-apotheke.at\/katalog\/produkt\/apopharm-bachblueten-22-oak-20-ml\/","title":{"rendered":"Apopharm Bachbl\u00fcten 22 Oak 20 ml"},"content":{"rendered":"<p>Apopharm Bachbl\u00fcten 22 Oak eignet sich zur Anwendung bei allen krankhaften St\u00f6rungen, die mit Unnachgiebigkeit oder Leistungszwang einhergehen oder davon ausgel\u00f6st wurden. So wird das Produkt zur Basisbehandlung bei Starre, \u00fcbertriebener Verantwortlichkeit, Kompromisslosigkeit, Unnachgiebigkeit sowie Ehrgeiz eingesetzt.<\/p>\n","protected":false},"excerpt":{"rendered":"<p>Apopharm Bachbl\u00fcten 22 Oak eignet sich zur Anwendung bei allen krankhaften St\u00f6rungen, die mit Unnachgiebigkeit oder Leistungszwang einhergehen oder davon ausgel\u00f6st wurden. So wird das Produkt zur Basisbehandlung bei Starre, \u00fcbertriebener Verantwortlichkeit, Kompromisslosigkeit, Unnachgiebigkeit sowie Ehrgeiz eingesetzt.<\/p>\n","protected":false},"featured_media":116960,"template":"","meta":{"_acf_changed":false},"product_brand":[],"product_cat":[801],"product_tag":[],"class_list":{"0":"post-116958","1":"product","2":"type-product","3":"status-publish","4":"has-post-thumbnail","6":"product_cat-a","7":"pa_packungsgroesse-20ml","9":"first","10":"instock","11":"shipping-taxable","12":"purchasable","13":"product-type-simple"},"acf":[],"_links":{"self":[{"href":"https:\/\/www.ernstbrunn-apotheke.at\/katalog\/wp-json\/wp\/v2\/product\/116958","targetHints":{"allow":["GET"]}}],"collection":[{"href":"https:\/\/www.ernstbrunn-apotheke.at\/katalog\/wp-json\/wp\/v2\/product"}],"about":[{"href":"https:\/\/www.ernstbrunn-apotheke.at\/katalog\/wp-json\/wp\/v2\/types\/product"}],"wp:featuredmedia":[{"embeddable":true,"href":"https:\/\/www.ernstbrunn-apotheke.at\/katalog\/wp-json\/wp\/v2\/media\/116960"}],"wp:attachment":[{"href":"https:\/\/www.ernstbrunn-apotheke.at\/katalog\/wp-json\/wp\/v2\/media?parent=116958"}],"wp:term":[{"taxonomy":"product_brand","embeddable":true,"href":"https:\/\/www.ernstbrunn-apotheke.at\/katalog\/wp-json\/wp\/v2\/product_brand?post=116958"},{"taxonomy":"product_cat","embeddable":true,"href":"https:\/\/www.ernstbrunn-apotheke.at\/katalog\/wp-json\/wp\/v2\/product_cat?post=116958"},{"taxonomy":"product_tag","embeddable":true,"href":"https:\/\/www.ernstbrunn-apotheke.at\/katalog\/wp-json\/wp\/v2\/product_tag?post=116958"}],"curies":[{"name":"wp","href":"https:\/\/api.w.org\/{rel}","templated":true}]}}