{"id":116834,"date":"2025-11-13T07:55:47","date_gmt":"2025-11-13T06:55:47","guid":{"rendered":"https:\/\/www.ernstbrunn-apotheke.at\/katalog\/produkt\/azelastin-comod-05-mg-ml-augentropfen-10-ml\/"},"modified":"2025-12-08T22:57:59","modified_gmt":"2025-12-08T21:57:59","slug":"azelastin-comod-05-mg-ml-augentropfen-10-ml","status":"publish","type":"product","link":"https:\/\/www.ernstbrunn-apotheke.at\/katalog\/produkt\/azelastin-comod-05-mg-ml-augentropfen-10-ml\/","title":{"rendered":"Azelastin &#8211; Comod 0,5 mg\/ml Augentropfen 10 ml"},"content":{"rendered":"<p>Die Azelastin -Comod Augentropfen lindern allergische Symptome am Auge indem sie den K\u00f6rper vor Effekten des Histamins sch\u00fctzen. Auf diese Wiese wirkt Azelastin antiallergisch und entz\u00fcndungshemmend. Ideal f\u00fcr alle, die sich von der Allergie nicht \u00fcberrumpeln lassen wollen.<\/p>\n","protected":false},"excerpt":{"rendered":"<p>Die Azelastin -Comod Augentropfen lindern allergische Symptome am Auge indem sie den K\u00f6rper vor Effekten des Histamins sch\u00fctzen. Auf diese Wiese wirkt Azelastin antiallergisch und entz\u00fcndungshemmend. Ideal f\u00fcr alle, die sich von der Allergie nicht \u00fcberrumpeln lassen wollen.<\/p>\n","protected":false},"featured_media":116836,"template":"","meta":{"_acf_changed":false},"product_brand":[],"product_cat":[801],"product_tag":[],"class_list":{"0":"post-116834","1":"product","2":"type-product","3":"status-publish","4":"has-post-thumbnail","6":"product_cat-a","7":"pa_packungsgroesse-10ml","9":"first","10":"instock","11":"shipping-taxable","12":"purchasable","13":"product-type-simple"},"acf":[],"_links":{"self":[{"href":"https:\/\/www.ernstbrunn-apotheke.at\/katalog\/wp-json\/wp\/v2\/product\/116834","targetHints":{"allow":["GET"]}}],"collection":[{"href":"https:\/\/www.ernstbrunn-apotheke.at\/katalog\/wp-json\/wp\/v2\/product"}],"about":[{"href":"https:\/\/www.ernstbrunn-apotheke.at\/katalog\/wp-json\/wp\/v2\/types\/product"}],"wp:featuredmedia":[{"embeddable":true,"href":"https:\/\/www.ernstbrunn-apotheke.at\/katalog\/wp-json\/wp\/v2\/media\/116836"}],"wp:attachment":[{"href":"https:\/\/www.ernstbrunn-apotheke.at\/katalog\/wp-json\/wp\/v2\/media?parent=116834"}],"wp:term":[{"taxonomy":"product_brand","embeddable":true,"href":"https:\/\/www.ernstbrunn-apotheke.at\/katalog\/wp-json\/wp\/v2\/product_brand?post=116834"},{"taxonomy":"product_cat","embeddable":true,"href":"https:\/\/www.ernstbrunn-apotheke.at\/katalog\/wp-json\/wp\/v2\/product_cat?post=116834"},{"taxonomy":"product_tag","embeddable":true,"href":"https:\/\/www.ernstbrunn-apotheke.at\/katalog\/wp-json\/wp\/v2\/product_tag?post=116834"}],"curies":[{"name":"wp","href":"https:\/\/api.w.org\/{rel}","templated":true}]}}