{"id":116612,"date":"2025-11-13T07:51:31","date_gmt":"2025-11-13T06:51:31","guid":{"rendered":"https:\/\/www.ernstbrunn-apotheke.at\/katalog\/produkt\/arganpur-bio-rosenwasser-200-ml\/"},"modified":"2025-12-08T22:55:56","modified_gmt":"2025-12-08T21:55:56","slug":"arganpur-bio-rosenwasser-200-ml","status":"publish","type":"product","link":"https:\/\/www.ernstbrunn-apotheke.at\/katalog\/produkt\/arganpur-bio-rosenwasser-200-ml\/","title":{"rendered":"Arganpur Bio Rosenwasser 200 ml"},"content":{"rendered":"<p>Arganpur Bio Rosenwasser ist ein Gesichtswasser aus biologisch angebauter Damaszener Rose. Es schenkt der Haut nat\u00fcrliche Feuchtigkeit und stellt ihr pH-Gleichgewicht wieder her. Zudem wirkt es angenehm k\u00fchlend und tonisierend auf die Haut und harmonisiert gleichzeitig die Sinne. F\u00f6rdert die Durchblutung.<\/p>\n","protected":false},"excerpt":{"rendered":"<p>Arganpur Bio Rosenwasser ist ein Gesichtswasser aus biologisch angebauter Damaszener Rose. Es schenkt der Haut nat\u00fcrliche Feuchtigkeit und stellt ihr pH-Gleichgewicht wieder her. Zudem wirkt es angenehm k\u00fchlend und tonisierend auf die Haut und harmonisiert gleichzeitig die Sinne. F\u00f6rdert die Durchblutung.<\/p>\n","protected":false},"featured_media":0,"template":"","meta":{"_acf_changed":false},"product_brand":[],"product_cat":[801],"product_tag":[],"class_list":{"0":"post-116612","1":"product","2":"type-product","3":"status-publish","5":"product_cat-a","6":"pa_packungsgroesse-200ml","8":"first","9":"instock","10":"shipping-taxable","11":"purchasable","12":"product-type-simple"},"acf":[],"_links":{"self":[{"href":"https:\/\/www.ernstbrunn-apotheke.at\/katalog\/wp-json\/wp\/v2\/product\/116612","targetHints":{"allow":["GET"]}}],"collection":[{"href":"https:\/\/www.ernstbrunn-apotheke.at\/katalog\/wp-json\/wp\/v2\/product"}],"about":[{"href":"https:\/\/www.ernstbrunn-apotheke.at\/katalog\/wp-json\/wp\/v2\/types\/product"}],"wp:attachment":[{"href":"https:\/\/www.ernstbrunn-apotheke.at\/katalog\/wp-json\/wp\/v2\/media?parent=116612"}],"wp:term":[{"taxonomy":"product_brand","embeddable":true,"href":"https:\/\/www.ernstbrunn-apotheke.at\/katalog\/wp-json\/wp\/v2\/product_brand?post=116612"},{"taxonomy":"product_cat","embeddable":true,"href":"https:\/\/www.ernstbrunn-apotheke.at\/katalog\/wp-json\/wp\/v2\/product_cat?post=116612"},{"taxonomy":"product_tag","embeddable":true,"href":"https:\/\/www.ernstbrunn-apotheke.at\/katalog\/wp-json\/wp\/v2\/product_tag?post=116612"}],"curies":[{"name":"wp","href":"https:\/\/api.w.org\/{rel}","templated":true}]}}