{"id":116316,"date":"2025-11-13T07:44:50","date_gmt":"2025-11-13T06:44:50","guid":{"rendered":"https:\/\/www.ernstbrunn-apotheke.at\/katalog\/produkt\/fruchtsaftbaeren-alpenland-kl-gemischt-150-g\/"},"modified":"2025-12-08T22:53:25","modified_gmt":"2025-12-08T21:53:25","slug":"fruchtsaftbaeren-alpenland-kl-gemischt-150-g","status":"publish","type":"product","link":"https:\/\/www.ernstbrunn-apotheke.at\/katalog\/produkt\/fruchtsaftbaeren-alpenland-kl-gemischt-150-g\/","title":{"rendered":"Fruchtsaftb\u00e4ren Alpenland Kl Gemischt 150 g"},"content":{"rendered":"<p>Alpenland Gro\u00dfe Fruchtsaftb\u00e4ren Gemischt bieten ein au\u00dfergew\u00f6hnliches Geschmackserlebnis, welches generations\u00fcbergreifend gro\u00dfe und kleine Genie\u00dfer erreicht.<\/p>\n","protected":false},"excerpt":{"rendered":"<p>Alpenland Gro\u00dfe Fruchtsaftb\u00e4ren Gemischt bieten ein au\u00dfergew\u00f6hnliches Geschmackserlebnis, welches generations\u00fcbergreifend gro\u00dfe und kleine Genie\u00dfer erreicht.<\/p>\n","protected":false},"featured_media":0,"template":"","meta":{"_acf_changed":false},"product_brand":[],"product_cat":[809],"product_tag":[],"class_list":{"0":"post-116316","1":"product","2":"type-product","3":"status-publish","5":"product_cat-f","6":"pa_packungsgroesse-150g","8":"first","9":"instock","10":"shipping-taxable","11":"purchasable","12":"product-type-simple"},"acf":[],"_links":{"self":[{"href":"https:\/\/www.ernstbrunn-apotheke.at\/katalog\/wp-json\/wp\/v2\/product\/116316","targetHints":{"allow":["GET"]}}],"collection":[{"href":"https:\/\/www.ernstbrunn-apotheke.at\/katalog\/wp-json\/wp\/v2\/product"}],"about":[{"href":"https:\/\/www.ernstbrunn-apotheke.at\/katalog\/wp-json\/wp\/v2\/types\/product"}],"wp:attachment":[{"href":"https:\/\/www.ernstbrunn-apotheke.at\/katalog\/wp-json\/wp\/v2\/media?parent=116316"}],"wp:term":[{"taxonomy":"product_brand","embeddable":true,"href":"https:\/\/www.ernstbrunn-apotheke.at\/katalog\/wp-json\/wp\/v2\/product_brand?post=116316"},{"taxonomy":"product_cat","embeddable":true,"href":"https:\/\/www.ernstbrunn-apotheke.at\/katalog\/wp-json\/wp\/v2\/product_cat?post=116316"},{"taxonomy":"product_tag","embeddable":true,"href":"https:\/\/www.ernstbrunn-apotheke.at\/katalog\/wp-json\/wp\/v2\/product_tag?post=116316"}],"curies":[{"name":"wp","href":"https:\/\/api.w.org\/{rel}","templated":true}]}}