{"id":116166,"date":"2025-11-13T07:41:38","date_gmt":"2025-11-13T06:41:38","guid":{"rendered":"https:\/\/www.ernstbrunn-apotheke.at\/katalog\/produkt\/ahava-fuss-creme-mineral-100-ml\/"},"modified":"2025-12-08T22:52:16","modified_gmt":"2025-12-08T21:52:16","slug":"ahava-fuss-creme-mineral-100-ml","status":"publish","type":"product","link":"https:\/\/www.ernstbrunn-apotheke.at\/katalog\/produkt\/ahava-fuss-creme-mineral-100-ml\/","title":{"rendered":"Ahava Fu\u00df Creme Mineral 100 ml"},"content":{"rendered":"<p>Ahava Fu\u00df Creme Mineral ist reich an Mineralien aus dem Toten Meer, nat\u00fcrlichen Pflanzenextrakten und Teebaum\u00f6l. Sie erneuert raue Haut, schlie\u00dft Hautrisse und pflegt Ihre F\u00fc\u00dfe geschmeidig und zart. Die reichhaltige Formel hilft, Hautrisse zu schlie\u00dfen und sorgt so f\u00fcr geschmeidige, glatte und gut mit Feuchtigkeit versorgte F\u00fc\u00dfe.<\/p>\n","protected":false},"excerpt":{"rendered":"<p>Ahava Fu\u00df Creme Mineral ist reich an Mineralien aus dem Toten Meer, nat\u00fcrlichen Pflanzenextrakten und Teebaum\u00f6l. Sie erneuert raue Haut, schlie\u00dft Hautrisse und pflegt Ihre F\u00fc\u00dfe geschmeidig und zart. Die reichhaltige Formel hilft, Hautrisse zu schlie\u00dfen und sorgt so f\u00fcr geschmeidige, glatte und gut mit Feuchtigkeit versorgte F\u00fc\u00dfe.<\/p>\n","protected":false},"featured_media":0,"template":"","meta":{"_acf_changed":false},"product_brand":[],"product_cat":[801],"product_tag":[],"class_list":{"0":"post-116166","1":"product","2":"type-product","3":"status-publish","5":"product_cat-a","6":"pa_packungsgroesse-100ml","8":"first","9":"instock","10":"shipping-taxable","11":"purchasable","12":"product-type-simple"},"acf":[],"_links":{"self":[{"href":"https:\/\/www.ernstbrunn-apotheke.at\/katalog\/wp-json\/wp\/v2\/product\/116166","targetHints":{"allow":["GET"]}}],"collection":[{"href":"https:\/\/www.ernstbrunn-apotheke.at\/katalog\/wp-json\/wp\/v2\/product"}],"about":[{"href":"https:\/\/www.ernstbrunn-apotheke.at\/katalog\/wp-json\/wp\/v2\/types\/product"}],"wp:attachment":[{"href":"https:\/\/www.ernstbrunn-apotheke.at\/katalog\/wp-json\/wp\/v2\/media?parent=116166"}],"wp:term":[{"taxonomy":"product_brand","embeddable":true,"href":"https:\/\/www.ernstbrunn-apotheke.at\/katalog\/wp-json\/wp\/v2\/product_brand?post=116166"},{"taxonomy":"product_cat","embeddable":true,"href":"https:\/\/www.ernstbrunn-apotheke.at\/katalog\/wp-json\/wp\/v2\/product_cat?post=116166"},{"taxonomy":"product_tag","embeddable":true,"href":"https:\/\/www.ernstbrunn-apotheke.at\/katalog\/wp-json\/wp\/v2\/product_tag?post=116166"}],"curies":[{"name":"wp","href":"https:\/\/api.w.org\/{rel}","templated":true}]}}