{"id":11610,"date":"2025-11-07T14:35:49","date_gmt":"2025-11-07T13:35:49","guid":{"rendered":"https:\/\/www.ernstbrunn-apotheke.at\/katalog\/produkt\/supradyn-vital-50-filmtabletten\/"},"modified":"2025-12-08T13:31:42","modified_gmt":"2025-12-08T12:31:42","slug":"supradyn-vital-50-filmtabletten","status":"publish","type":"product","link":"https:\/\/www.ernstbrunn-apotheke.at\/katalog\/produkt\/supradyn-vital-50-filmtabletten\/","title":{"rendered":"Supradyn vital 50+ Filmtabletten"},"content":{"rendered":"<p>Die Kombination aus ma\u00dfgeschneiderten Vitaminen sowie hochwertigen Extrakten aus der Olive und Ginseng unterst\u00fctzt k\u00f6rperliche und geistige Vitalit\u00e4t im Alter. Die Antioxidantien aus der Olive tragen dazu bei, die Blutfette vor oxidativem Stress zu sch\u00fctzen. Die in Supradyn\u00ae vital 50+ enthaltenen Vitamine, Mineralstoffe und Spurenelemente sind wichtig f\u00fcr Energie, Immunsystem und einen gesunden Stoffwechsel.<\/p>\n","protected":false},"excerpt":{"rendered":"<p>Die Kombination aus ma\u00dfgeschneiderten Vitaminen sowie hochwertigen Extrakten aus der Olive und Ginseng unterst\u00fctzt k\u00f6rperliche und geistige Vitalit\u00e4t im Alter. Die Antioxidantien aus der Olive tragen dazu bei, die Blutfette vor oxidativem Stress zu sch\u00fctzen. Die in Supradyn\u00ae vital 50+ enthaltenen Vitamine, Mineralstoffe und Spurenelemente sind wichtig f\u00fcr Energie, Immunsystem und einen gesunden Stoffwechsel.<\/p>\n","protected":false},"featured_media":11612,"template":"","meta":{"_acf_changed":false},"product_brand":[460],"product_cat":[791],"product_tag":[],"class_list":{"0":"post-11610","1":"product","2":"type-product","3":"status-publish","4":"has-post-thumbnail","6":"product_brand-supradyn","7":"product_cat-s","8":"pa_packungsgroesse-30-stueck","9":"pa_packungsgroesse-90-stueck","11":"first","12":"instock","13":"shipping-taxable","14":"purchasable","15":"product-type-simple"},"acf":[],"_links":{"self":[{"href":"https:\/\/www.ernstbrunn-apotheke.at\/katalog\/wp-json\/wp\/v2\/product\/11610","targetHints":{"allow":["GET"]}}],"collection":[{"href":"https:\/\/www.ernstbrunn-apotheke.at\/katalog\/wp-json\/wp\/v2\/product"}],"about":[{"href":"https:\/\/www.ernstbrunn-apotheke.at\/katalog\/wp-json\/wp\/v2\/types\/product"}],"wp:featuredmedia":[{"embeddable":true,"href":"https:\/\/www.ernstbrunn-apotheke.at\/katalog\/wp-json\/wp\/v2\/media\/11612"}],"wp:attachment":[{"href":"https:\/\/www.ernstbrunn-apotheke.at\/katalog\/wp-json\/wp\/v2\/media?parent=11610"}],"wp:term":[{"taxonomy":"product_brand","embeddable":true,"href":"https:\/\/www.ernstbrunn-apotheke.at\/katalog\/wp-json\/wp\/v2\/product_brand?post=11610"},{"taxonomy":"product_cat","embeddable":true,"href":"https:\/\/www.ernstbrunn-apotheke.at\/katalog\/wp-json\/wp\/v2\/product_cat?post=11610"},{"taxonomy":"product_tag","embeddable":true,"href":"https:\/\/www.ernstbrunn-apotheke.at\/katalog\/wp-json\/wp\/v2\/product_tag?post=11610"}],"curies":[{"name":"wp","href":"https:\/\/api.w.org\/{rel}","templated":true}]}}