{"id":11597,"date":"2025-11-07T14:35:00","date_gmt":"2025-11-07T13:35:00","guid":{"rendered":"https:\/\/www.ernstbrunn-apotheke.at\/katalog\/produkt\/ratiopharm-teufelskralle-filmtabletten-480-mg-100-stk\/"},"modified":"2025-12-08T13:31:40","modified_gmt":"2025-12-08T12:31:40","slug":"ratiopharm-teufelskralle-filmtabletten-480-mg-100-stk","status":"publish","type":"product","link":"https:\/\/www.ernstbrunn-apotheke.at\/katalog\/produkt\/ratiopharm-teufelskralle-filmtabletten-480-mg-100-stk\/","title":{"rendered":"Ratiopharm Teufelskralle Filmtabletten 480 mg 100 Stk."},"content":{"rendered":"<p>TEUFELSKRALLE-ratiopharm\u00ae ist ein pflanzliches Arzneimittel bei Erkrankungen des Bewegungs- und St\u00fctzapparates. Es wird angewendet zur unterst\u00fctzenden Therapie   bei Verschlei\u00dferscheinungen des Bewegungsapparates.<\/p>\n","protected":false},"excerpt":{"rendered":"<p>TEUFELSKRALLE-ratiopharm\u00ae ist ein pflanzliches Arzneimittel bei Erkrankungen des Bewegungs- und St\u00fctzapparates. Es wird angewendet zur unterst\u00fctzenden Therapie bei Verschlei\u00dferscheinungen des Bewegungsapparates.<\/p>\n","protected":false},"featured_media":11599,"template":"","meta":{"_acf_changed":false},"product_brand":[381],"product_cat":[808],"product_tag":[],"class_list":{"0":"post-11597","1":"product","2":"type-product","3":"status-publish","4":"has-post-thumbnail","6":"product_brand-ratiopharm","7":"product_cat-r","8":"pa_packungsgroesse-100-stueck","10":"first","11":"instock","12":"shipping-taxable","13":"purchasable","14":"product-type-simple"},"acf":[],"_links":{"self":[{"href":"https:\/\/www.ernstbrunn-apotheke.at\/katalog\/wp-json\/wp\/v2\/product\/11597","targetHints":{"allow":["GET"]}}],"collection":[{"href":"https:\/\/www.ernstbrunn-apotheke.at\/katalog\/wp-json\/wp\/v2\/product"}],"about":[{"href":"https:\/\/www.ernstbrunn-apotheke.at\/katalog\/wp-json\/wp\/v2\/types\/product"}],"wp:featuredmedia":[{"embeddable":true,"href":"https:\/\/www.ernstbrunn-apotheke.at\/katalog\/wp-json\/wp\/v2\/media\/11599"}],"wp:attachment":[{"href":"https:\/\/www.ernstbrunn-apotheke.at\/katalog\/wp-json\/wp\/v2\/media?parent=11597"}],"wp:term":[{"taxonomy":"product_brand","embeddable":true,"href":"https:\/\/www.ernstbrunn-apotheke.at\/katalog\/wp-json\/wp\/v2\/product_brand?post=11597"},{"taxonomy":"product_cat","embeddable":true,"href":"https:\/\/www.ernstbrunn-apotheke.at\/katalog\/wp-json\/wp\/v2\/product_cat?post=11597"},{"taxonomy":"product_tag","embeddable":true,"href":"https:\/\/www.ernstbrunn-apotheke.at\/katalog\/wp-json\/wp\/v2\/product_tag?post=11597"}],"curies":[{"name":"wp","href":"https:\/\/api.w.org\/{rel}","templated":true}]}}