{"id":11567,"date":"2025-11-07T14:35:00","date_gmt":"2025-11-07T13:35:00","guid":{"rendered":"https:\/\/www.ernstbrunn-apotheke.at\/katalog\/produkt\/osteo-calvit-fort-schlucktabletten-60-stk\/"},"modified":"2025-12-08T13:31:38","modified_gmt":"2025-12-08T12:31:38","slug":"osteo-calvit-fort-schlucktabletten-60-stk","status":"publish","type":"product","link":"https:\/\/www.ernstbrunn-apotheke.at\/katalog\/produkt\/osteo-calvit-fort-schlucktabletten-60-stk\/","title":{"rendered":"Osteo Calvit Fort Schlucktabletten 60 Stk."},"content":{"rendered":"<div><font size=\"3\"><span style='margin: 0px; line-height: 107%;\"Calibri\",sans-serif; font-size: 11pt;'><font color=\"#000000\">Gezielte di\u00e4tetische Behandlung bei Osteoporosemit OsteoCalVitFort\u00ae Schlucktabletten.<\/font><\/span><\/font><\/div>\n<div><font size=\"3\"><span style='margin: 0px; line-height: 107%;\"Calibri\",sans-serif; font-size: 11pt;'><font color=\"#000000\"><br \/><\/font><\/span><\/font><\/div>\n<div><font size=\"3\"><span style='margin: 0px; line-height: 107%;\"Calibri\",sans-serif; font-size: 11pt;'><font color=\"#000000\">Osteoporose oder Knochenschwund ist eine Erkrankung, bei der die Knochenmasseso stark vermindert ist, dass es bereits beim Stolpern und Hinfallen zuKnochenbr\u00fcchen kommen kann. Vitamin D f\u00f6rdert die Aufnahme von Kalzium in denK\u00f6rper und erm\u00f6glicht dessen Einbau in den Knochen.<\/p>\n<p>Besonders in den lichtarmen Wintermonaten ist die Zufuhr von Vitamin D, welchesdurch die Sonneneinstrahlung in der Haut gebildet wird, stark reduziert.<\/p>\n<p>Die OsteoCalVitFort\u00ae Schlucktablette ist den besonderen Anforderungen einesCalcium-Mangels bei Osteoporose optimal angepasst.<br \/><\/font><\/span><\/font><font size=\"3\"><span style='margin: 0px; line-height: 107%;\"Calibri\",sans-serif; font-size: 11pt;'><font color=\"#0\"><span style='margin: 0px; line-height: 107%;\"Calibri\",sans-serif; font-size: 11pt;'><br \/><\/span><\/font><\/span><\/font><\/div>\n","protected":false},"excerpt":{"rendered":"<p>Gezielte di\u00e4tetische Behandlung bei Osteoporosemit OsteoCalVitFort\u00ae Schlucktabletten. Osteoporose oder Knochenschwund ist eine Erkrankung, bei der die Knochenmasseso stark vermindert ist, dass es bereits beim Stolpern und Hinfallen zuKnochenbr\u00fcchen kommen kann. Vitamin D f\u00f6rdert die Aufnahme von Kalzium in denK\u00f6rper und erm\u00f6glicht dessen Einbau in den Knochen. Besonders in den lichtarmen Wintermonaten ist die Zufuhr von [&hellip;]<\/p>\n","protected":false},"featured_media":11569,"template":"","meta":{"_acf_changed":false},"product_brand":[],"product_cat":[819],"product_tag":[],"class_list":{"0":"post-11567","1":"product","2":"type-product","3":"status-publish","4":"has-post-thumbnail","6":"product_cat-o","7":"pa_packungsgroesse-60-stueck","9":"first","10":"instock","11":"shipping-taxable","12":"purchasable","13":"product-type-simple"},"acf":[],"_links":{"self":[{"href":"https:\/\/www.ernstbrunn-apotheke.at\/katalog\/wp-json\/wp\/v2\/product\/11567","targetHints":{"allow":["GET"]}}],"collection":[{"href":"https:\/\/www.ernstbrunn-apotheke.at\/katalog\/wp-json\/wp\/v2\/product"}],"about":[{"href":"https:\/\/www.ernstbrunn-apotheke.at\/katalog\/wp-json\/wp\/v2\/types\/product"}],"wp:featuredmedia":[{"embeddable":true,"href":"https:\/\/www.ernstbrunn-apotheke.at\/katalog\/wp-json\/wp\/v2\/media\/11569"}],"wp:attachment":[{"href":"https:\/\/www.ernstbrunn-apotheke.at\/katalog\/wp-json\/wp\/v2\/media?parent=11567"}],"wp:term":[{"taxonomy":"product_brand","embeddable":true,"href":"https:\/\/www.ernstbrunn-apotheke.at\/katalog\/wp-json\/wp\/v2\/product_brand?post=11567"},{"taxonomy":"product_cat","embeddable":true,"href":"https:\/\/www.ernstbrunn-apotheke.at\/katalog\/wp-json\/wp\/v2\/product_cat?post=11567"},{"taxonomy":"product_tag","embeddable":true,"href":"https:\/\/www.ernstbrunn-apotheke.at\/katalog\/wp-json\/wp\/v2\/product_tag?post=11567"}],"curies":[{"name":"wp","href":"https:\/\/api.w.org\/{rel}","templated":true}]}}