{"id":115537,"date":"2025-11-13T07:26:48","date_gmt":"2025-11-13T06:26:48","guid":{"rendered":"https:\/\/www.ernstbrunn-apotheke.at\/katalog\/produkt\/bittner-alpenkraeuter-creme-50-60-ml\/"},"modified":"2025-12-08T22:48:38","modified_gmt":"2025-12-08T21:48:38","slug":"bittner-alpenkraeuter-creme-50-60-ml","status":"publish","type":"product","link":"https:\/\/www.ernstbrunn-apotheke.at\/katalog\/produkt\/bittner-alpenkraeuter-creme-50-60-ml\/","title":{"rendered":"Bittner Alpenkr\u00e4uter Creme 50\/60 ml"},"content":{"rendered":"<p>Bittner Alpenkr\u00e4uter Creme 50\/60 ml ist eine reizmildernde Pflege f\u00fcr empfindliche und strapazierte Haut. Die Bittschwamms Alpenkr\u00e4uter-Creme wird unter anderem aus einem wertvollen Auszug aus ausgesuchten in den Alpen heimischen Kr\u00e4utern hergestellt. Durch Zusatz eines Extrakts aus Weizenkleie vermittelt die Creme einen samtigen, pflegenden Effekt und gibt der Haut einen biologischen Schutz gegen \u00e4u\u00dfere Einfl\u00fcsse.<\/p>\n","protected":false},"excerpt":{"rendered":"<p>Bittner Alpenkr\u00e4uter Creme 50\/60 ml ist eine reizmildernde Pflege f\u00fcr empfindliche und strapazierte Haut. Die Bittschwamms Alpenkr\u00e4uter-Creme wird unter anderem aus einem wertvollen Auszug aus ausgesuchten in den Alpen heimischen Kr\u00e4utern hergestellt. Durch Zusatz eines Extrakts aus Weizenkleie vermittelt die Creme einen samtigen, pflegenden Effekt und gibt der Haut einen biologischen Schutz gegen \u00e4u\u00dfere Einfl\u00fcsse.<\/p>\n","protected":false},"featured_media":115539,"template":"","meta":{"_acf_changed":false},"product_brand":[],"product_cat":[802],"product_tag":[],"class_list":{"0":"post-115537","1":"product","2":"type-product","3":"status-publish","4":"has-post-thumbnail","6":"product_cat-b","7":"pa_packungsgroesse-60ml","9":"first","10":"instock","11":"shipping-taxable","12":"purchasable","13":"product-type-simple"},"acf":[],"_links":{"self":[{"href":"https:\/\/www.ernstbrunn-apotheke.at\/katalog\/wp-json\/wp\/v2\/product\/115537","targetHints":{"allow":["GET"]}}],"collection":[{"href":"https:\/\/www.ernstbrunn-apotheke.at\/katalog\/wp-json\/wp\/v2\/product"}],"about":[{"href":"https:\/\/www.ernstbrunn-apotheke.at\/katalog\/wp-json\/wp\/v2\/types\/product"}],"wp:featuredmedia":[{"embeddable":true,"href":"https:\/\/www.ernstbrunn-apotheke.at\/katalog\/wp-json\/wp\/v2\/media\/115539"}],"wp:attachment":[{"href":"https:\/\/www.ernstbrunn-apotheke.at\/katalog\/wp-json\/wp\/v2\/media?parent=115537"}],"wp:term":[{"taxonomy":"product_brand","embeddable":true,"href":"https:\/\/www.ernstbrunn-apotheke.at\/katalog\/wp-json\/wp\/v2\/product_brand?post=115537"},{"taxonomy":"product_cat","embeddable":true,"href":"https:\/\/www.ernstbrunn-apotheke.at\/katalog\/wp-json\/wp\/v2\/product_cat?post=115537"},{"taxonomy":"product_tag","embeddable":true,"href":"https:\/\/www.ernstbrunn-apotheke.at\/katalog\/wp-json\/wp\/v2\/product_tag?post=115537"}],"curies":[{"name":"wp","href":"https:\/\/api.w.org\/{rel}","templated":true}]}}