{"id":115505,"date":"2025-11-13T07:26:29","date_gmt":"2025-11-13T06:26:29","guid":{"rendered":"https:\/\/www.ernstbrunn-apotheke.at\/katalog\/produkt\/allin-complete-protein-erdbeere-200-ml\/"},"modified":"2025-12-08T22:48:29","modified_gmt":"2025-12-08T21:48:29","slug":"allin-complete-protein-erdbeere-200-ml","status":"publish","type":"product","link":"https:\/\/www.ernstbrunn-apotheke.at\/katalog\/produkt\/allin-complete-protein-erdbeere-200-ml\/","title":{"rendered":"allin COMPLETE Protein Erdbeere 200 ml"},"content":{"rendered":"<p>allin COMPLETE Erdbeere ist eine Protein Mahlzeit (eiwei\u00dfreiche Trinknahrung), die Dich mit 33% Prozent des Tagesbedarfs* an Eiwei\u00df, 13 Vitaminen und 14 Mineralstoffen versorgt &#8211; jetzt online bestellen: in \u00d6sterreichs bester Versandapotheke!<\/p>\n","protected":false},"excerpt":{"rendered":"<p>allin COMPLETE Erdbeere ist eine Protein Mahlzeit (eiwei\u00dfreiche Trinknahrung), die Dich mit 33% Prozent des Tagesbedarfs* an Eiwei\u00df, 13 Vitaminen und 14 Mineralstoffen versorgt &#8211; jetzt online bestellen: in \u00d6sterreichs bester Versandapotheke!<\/p>\n","protected":false},"featured_media":115507,"template":"","meta":{"_acf_changed":false},"product_brand":[],"product_cat":[801],"product_tag":[],"class_list":{"0":"post-115505","1":"product","2":"type-product","3":"status-publish","4":"has-post-thumbnail","6":"product_cat-a","7":"pa_packungsgroesse-14-stueck","9":"first","10":"instock","11":"shipping-taxable","12":"purchasable","13":"product-type-simple"},"acf":[],"_links":{"self":[{"href":"https:\/\/www.ernstbrunn-apotheke.at\/katalog\/wp-json\/wp\/v2\/product\/115505","targetHints":{"allow":["GET"]}}],"collection":[{"href":"https:\/\/www.ernstbrunn-apotheke.at\/katalog\/wp-json\/wp\/v2\/product"}],"about":[{"href":"https:\/\/www.ernstbrunn-apotheke.at\/katalog\/wp-json\/wp\/v2\/types\/product"}],"wp:featuredmedia":[{"embeddable":true,"href":"https:\/\/www.ernstbrunn-apotheke.at\/katalog\/wp-json\/wp\/v2\/media\/115507"}],"wp:attachment":[{"href":"https:\/\/www.ernstbrunn-apotheke.at\/katalog\/wp-json\/wp\/v2\/media?parent=115505"}],"wp:term":[{"taxonomy":"product_brand","embeddable":true,"href":"https:\/\/www.ernstbrunn-apotheke.at\/katalog\/wp-json\/wp\/v2\/product_brand?post=115505"},{"taxonomy":"product_cat","embeddable":true,"href":"https:\/\/www.ernstbrunn-apotheke.at\/katalog\/wp-json\/wp\/v2\/product_cat?post=115505"},{"taxonomy":"product_tag","embeddable":true,"href":"https:\/\/www.ernstbrunn-apotheke.at\/katalog\/wp-json\/wp\/v2\/product_tag?post=115505"}],"curies":[{"name":"wp","href":"https:\/\/api.w.org\/{rel}","templated":true}]}}