{"id":115489,"date":"2025-11-13T07:25:32","date_gmt":"2025-11-13T06:25:32","guid":{"rendered":"https:\/\/www.ernstbrunn-apotheke.at\/katalog\/produkt\/allgaeuer-latschenkiefer-5-in-1-fusscreme-75-ml\/"},"modified":"2025-12-08T22:48:24","modified_gmt":"2025-12-08T21:48:24","slug":"allgaeuer-latschenkiefer-5-in-1-fusscreme-75-ml","status":"publish","type":"product","link":"https:\/\/www.ernstbrunn-apotheke.at\/katalog\/produkt\/allgaeuer-latschenkiefer-5-in-1-fusscreme-75-ml\/","title":{"rendered":"Allg\u00e4uer Latschenkiefer 5 in 1 Fu\u00dfcreme 75 ml"},"content":{"rendered":"<p>Die Allg\u00e4uer Latschenkiefer 5 in 1 Fu\u00dfcreme enth\u00e4lt eine ausgewogene Mischung an wertvollen Inhaltsstoffen, die Ihre F\u00fc\u00dfe zu jeder Jahreszeit sch\u00fctzen und geschmeidig machen. Die Creme ist feuchtigkeitsspendend, intensiv pflegend und beugt Fu\u00dfpilz durch Octopirox\u00ae vor. Au\u00dferdem ist sie desodorierend und wirkt Hornhaut vermindernd.<\/p>\n","protected":false},"excerpt":{"rendered":"<p>Die Allg\u00e4uer Latschenkiefer 5 in 1 Fu\u00dfcreme enth\u00e4lt eine ausgewogene Mischung an wertvollen Inhaltsstoffen, die Ihre F\u00fc\u00dfe zu jeder Jahreszeit sch\u00fctzen und geschmeidig machen. Die Creme ist feuchtigkeitsspendend, intensiv pflegend und beugt Fu\u00dfpilz durch Octopirox\u00ae vor. Au\u00dferdem ist sie desodorierend und wirkt Hornhaut vermindernd.<\/p>\n","protected":false},"featured_media":115491,"template":"","meta":{"_acf_changed":false},"product_brand":[744],"product_cat":[801],"product_tag":[],"class_list":{"0":"post-115489","1":"product","2":"type-product","3":"status-publish","4":"has-post-thumbnail","6":"product_brand-allgaeuer-latschenkiefer","7":"product_cat-a","8":"pa_packungsgroesse-75ml","10":"first","11":"instock","12":"shipping-taxable","13":"purchasable","14":"product-type-simple"},"acf":[],"_links":{"self":[{"href":"https:\/\/www.ernstbrunn-apotheke.at\/katalog\/wp-json\/wp\/v2\/product\/115489","targetHints":{"allow":["GET"]}}],"collection":[{"href":"https:\/\/www.ernstbrunn-apotheke.at\/katalog\/wp-json\/wp\/v2\/product"}],"about":[{"href":"https:\/\/www.ernstbrunn-apotheke.at\/katalog\/wp-json\/wp\/v2\/types\/product"}],"wp:featuredmedia":[{"embeddable":true,"href":"https:\/\/www.ernstbrunn-apotheke.at\/katalog\/wp-json\/wp\/v2\/media\/115491"}],"wp:attachment":[{"href":"https:\/\/www.ernstbrunn-apotheke.at\/katalog\/wp-json\/wp\/v2\/media?parent=115489"}],"wp:term":[{"taxonomy":"product_brand","embeddable":true,"href":"https:\/\/www.ernstbrunn-apotheke.at\/katalog\/wp-json\/wp\/v2\/product_brand?post=115489"},{"taxonomy":"product_cat","embeddable":true,"href":"https:\/\/www.ernstbrunn-apotheke.at\/katalog\/wp-json\/wp\/v2\/product_cat?post=115489"},{"taxonomy":"product_tag","embeddable":true,"href":"https:\/\/www.ernstbrunn-apotheke.at\/katalog\/wp-json\/wp\/v2\/product_tag?post=115489"}],"curies":[{"name":"wp","href":"https:\/\/api.w.org\/{rel}","templated":true}]}}