{"id":115469,"date":"2025-11-13T07:25:32","date_gmt":"2025-11-13T06:25:32","guid":{"rendered":"https:\/\/www.ernstbrunn-apotheke.at\/katalog\/produkt\/alkorin-pulver-sachets-10-stk\/"},"modified":"2025-12-08T22:48:21","modified_gmt":"2025-12-08T21:48:21","slug":"alkorin-pulver-sachets-10-stk","status":"publish","type":"product","link":"https:\/\/www.ernstbrunn-apotheke.at\/katalog\/produkt\/alkorin-pulver-sachets-10-stk\/","title":{"rendered":"Alkorin Pulver Sachets 10 Stk."},"content":{"rendered":"<p>Lange Nacht gehabt? ALKORIN ist ein basisches Nahrungserg\u00e4nzungsmittel mit Cholin, Vitaminen und wertvollen Mineralstoffen.<\/p>\n<p>&#13;<\/p>\n<p>ALKORIN &#8211; Das bew\u00e4hrte Original unterst\u00fctzt den gesunden K\u00f6rper in folgenden Bereichen:<\/p>\n<p>&#13;<\/p>\n<ul>&#13;<\/p>\n<li>Normale Leberfunktion | Cholin<\/li>\n<p>&#13;<\/p>\n<li>Verringerung von M\u00fcdigkeit | Folat<\/li>\n<p>&#13;<\/p>\n<li>S\u00e4ure-Basen-Stoffwechsel | Zink<\/li>\n<p>&#13;<\/p>\n<li>Elektrolytgleichgewicht und Muskelfunktion | Magnesium<\/li>\n<p>&#13;<\/p>\n<li>Energiestoffwechsel | Vitamin B6<\/li>\n<p>&#13;<\/p>\n<li>Bei oxidativem Stress | Riboflavin<\/li>\n<p>&#13;<\/p>\n<li>Geistige Leistung | Pantothens\u00e4ure<\/li>\n<p>&#13;<\/p>\n<li>Herzfunktion | Thiamin<\/li>\n<p>&#13;<\/p>\n<li>Nervensystem | Vitamin B12<\/li>\n<p>&#13;<\/p>\n<li>Normale psychische Funktion | Niacin<\/li>\n<p>&#13;\n<\/ul>\n","protected":false},"excerpt":{"rendered":"<p>Lange Nacht gehabt? ALKORIN ist ein basisches Nahrungserg\u00e4nzungsmittel mit Cholin, Vitaminen und wertvollen Mineralstoffen. &#13; ALKORIN &#8211; Das bew\u00e4hrte Original unterst\u00fctzt den gesunden K\u00f6rper in folgenden Bereichen: &#13; &#13; Normale Leberfunktion | Cholin &#13; Verringerung von M\u00fcdigkeit | Folat &#13; S\u00e4ure-Basen-Stoffwechsel | Zink &#13; Elektrolytgleichgewicht und Muskelfunktion | Magnesium &#13; Energiestoffwechsel | Vitamin B6 &#13; [&hellip;]<\/p>\n","protected":false},"featured_media":115471,"template":"","meta":{"_acf_changed":false},"product_brand":[],"product_cat":[801],"product_tag":[],"class_list":{"0":"post-115469","1":"product","2":"type-product","3":"status-publish","4":"has-post-thumbnail","6":"product_cat-a","7":"pa_packungsgroesse-10-beutel","9":"first","10":"instock","11":"shipping-taxable","12":"purchasable","13":"product-type-simple"},"acf":[],"_links":{"self":[{"href":"https:\/\/www.ernstbrunn-apotheke.at\/katalog\/wp-json\/wp\/v2\/product\/115469","targetHints":{"allow":["GET"]}}],"collection":[{"href":"https:\/\/www.ernstbrunn-apotheke.at\/katalog\/wp-json\/wp\/v2\/product"}],"about":[{"href":"https:\/\/www.ernstbrunn-apotheke.at\/katalog\/wp-json\/wp\/v2\/types\/product"}],"wp:featuredmedia":[{"embeddable":true,"href":"https:\/\/www.ernstbrunn-apotheke.at\/katalog\/wp-json\/wp\/v2\/media\/115471"}],"wp:attachment":[{"href":"https:\/\/www.ernstbrunn-apotheke.at\/katalog\/wp-json\/wp\/v2\/media?parent=115469"}],"wp:term":[{"taxonomy":"product_brand","embeddable":true,"href":"https:\/\/www.ernstbrunn-apotheke.at\/katalog\/wp-json\/wp\/v2\/product_brand?post=115469"},{"taxonomy":"product_cat","embeddable":true,"href":"https:\/\/www.ernstbrunn-apotheke.at\/katalog\/wp-json\/wp\/v2\/product_cat?post=115469"},{"taxonomy":"product_tag","embeddable":true,"href":"https:\/\/www.ernstbrunn-apotheke.at\/katalog\/wp-json\/wp\/v2\/product_tag?post=115469"}],"curies":[{"name":"wp","href":"https:\/\/api.w.org\/{rel}","templated":true}]}}