{"id":115416,"date":"2025-11-13T07:24:06","date_gmt":"2025-11-13T06:24:06","guid":{"rendered":"https:\/\/www.ernstbrunn-apotheke.at\/katalog\/produkt\/age-spot-aufhellendes-serum-30-ml\/"},"modified":"2025-12-08T22:48:03","modified_gmt":"2025-12-08T21:48:03","slug":"age-spot-aufhellendes-serum-30-ml","status":"publish","type":"product","link":"https:\/\/www.ernstbrunn-apotheke.at\/katalog\/produkt\/age-spot-aufhellendes-serum-30-ml\/","title":{"rendered":"Age Spot aufhellendes Serum 30 ml"},"content":{"rendered":"<p>Age Spot aufhellendes Serum verbessert das Erscheinungsbild von Pigmentst\u00f6rungen wie Altersflecken, dunklen oder braunen Flecken und anderen Unebenm\u00e4\u00dfigkeiten. Die einzigartige Wirkstoffkombination aus nat\u00fcrlichen Inhaltsstoffen sch\u00fctzt vor zuk\u00fcnftiger Pigmentbildung und l\u00e4sst die Haut strahlender und ebenm\u00e4\u00dfiger wirken. Bietet au\u00dfergew\u00f6hnliche Aufhellungserfolge und minimiert Altersflecken sowie Pigmentflecken.<\/p>\n","protected":false},"excerpt":{"rendered":"<p>Age Spot aufhellendes Serum verbessert das Erscheinungsbild von Pigmentst\u00f6rungen wie Altersflecken, dunklen oder braunen Flecken und anderen Unebenm\u00e4\u00dfigkeiten. Die einzigartige Wirkstoffkombination aus nat\u00fcrlichen Inhaltsstoffen sch\u00fctzt vor zuk\u00fcnftiger Pigmentbildung und l\u00e4sst die Haut strahlender und ebenm\u00e4\u00dfiger wirken. Bietet au\u00dfergew\u00f6hnliche Aufhellungserfolge und minimiert Altersflecken sowie Pigmentflecken.<\/p>\n","protected":false},"featured_media":115418,"template":"","meta":{"_acf_changed":false},"product_brand":[],"product_cat":[801],"product_tag":[],"class_list":{"0":"post-115416","1":"product","2":"type-product","3":"status-publish","4":"has-post-thumbnail","6":"product_cat-a","7":"pa_packungsgroesse-30ml","9":"first","10":"instock","11":"shipping-taxable","12":"purchasable","13":"product-type-simple"},"acf":[],"_links":{"self":[{"href":"https:\/\/www.ernstbrunn-apotheke.at\/katalog\/wp-json\/wp\/v2\/product\/115416","targetHints":{"allow":["GET"]}}],"collection":[{"href":"https:\/\/www.ernstbrunn-apotheke.at\/katalog\/wp-json\/wp\/v2\/product"}],"about":[{"href":"https:\/\/www.ernstbrunn-apotheke.at\/katalog\/wp-json\/wp\/v2\/types\/product"}],"wp:featuredmedia":[{"embeddable":true,"href":"https:\/\/www.ernstbrunn-apotheke.at\/katalog\/wp-json\/wp\/v2\/media\/115418"}],"wp:attachment":[{"href":"https:\/\/www.ernstbrunn-apotheke.at\/katalog\/wp-json\/wp\/v2\/media?parent=115416"}],"wp:term":[{"taxonomy":"product_brand","embeddable":true,"href":"https:\/\/www.ernstbrunn-apotheke.at\/katalog\/wp-json\/wp\/v2\/product_brand?post=115416"},{"taxonomy":"product_cat","embeddable":true,"href":"https:\/\/www.ernstbrunn-apotheke.at\/katalog\/wp-json\/wp\/v2\/product_cat?post=115416"},{"taxonomy":"product_tag","embeddable":true,"href":"https:\/\/www.ernstbrunn-apotheke.at\/katalog\/wp-json\/wp\/v2\/product_tag?post=115416"}],"curies":[{"name":"wp","href":"https:\/\/api.w.org\/{rel}","templated":true}]}}