{"id":114450,"date":"2025-11-13T06:59:50","date_gmt":"2025-11-13T05:59:50","guid":{"rendered":"https:\/\/www.ernstbrunn-apotheke.at\/katalog\/produkt\/apofit-aetherisches-oel-papaya-lemon-10-ml\/"},"modified":"2025-12-08T22:43:21","modified_gmt":"2025-12-08T21:43:21","slug":"apofit-aetherisches-oel-papaya-lemon-10-ml","status":"publish","type":"product","link":"https:\/\/www.ernstbrunn-apotheke.at\/katalog\/produkt\/apofit-aetherisches-oel-papaya-lemon-10-ml\/","title":{"rendered":"Apofit \u00c4therisches \u00d6l Papaya Lemon 10 ml"},"content":{"rendered":"<p>Apofit \u00c4therisches \u00d6l Papaya Lemon ist leicht, nicht fettend und wird leicht von der Haut aufgenommen. Das \u00d6l ist reich an essentiellen Fetts\u00e4uren und hat auch einen hohen Gehalt an den Vitaminen A und E. Es hat ausgezeichnete feuchtigkeitsspendende Eigenschaften, wodurch es die beste Wahl f\u00fcr fettige, trockene, zu Akne neigender Haut sowie entz\u00fcndeten Hauterkrankungen wie Ekzemen und Schuppenflechte ist. Nicht zur Einnahme bestimmt!.<\/p>\n","protected":false},"excerpt":{"rendered":"<p>Apofit \u00c4therisches \u00d6l Papaya Lemon ist leicht, nicht fettend und wird leicht von der Haut aufgenommen. Das \u00d6l ist reich an essentiellen Fetts\u00e4uren und hat auch einen hohen Gehalt an den Vitaminen A und E. Es hat ausgezeichnete feuchtigkeitsspendende Eigenschaften, wodurch es die beste Wahl f\u00fcr fettige, trockene, zu Akne neigender Haut sowie entz\u00fcndeten Hauterkrankungen [&hellip;]<\/p>\n","protected":false},"featured_media":114452,"template":"","meta":{"_acf_changed":false},"product_brand":[584],"product_cat":[801],"product_tag":[],"class_list":{"0":"post-114450","1":"product","2":"type-product","3":"status-publish","4":"has-post-thumbnail","6":"product_brand-apofit","7":"product_cat-a","8":"pa_packungsgroesse-10ml","10":"first","11":"instock","12":"shipping-taxable","13":"purchasable","14":"product-type-simple"},"acf":[],"_links":{"self":[{"href":"https:\/\/www.ernstbrunn-apotheke.at\/katalog\/wp-json\/wp\/v2\/product\/114450","targetHints":{"allow":["GET"]}}],"collection":[{"href":"https:\/\/www.ernstbrunn-apotheke.at\/katalog\/wp-json\/wp\/v2\/product"}],"about":[{"href":"https:\/\/www.ernstbrunn-apotheke.at\/katalog\/wp-json\/wp\/v2\/types\/product"}],"wp:featuredmedia":[{"embeddable":true,"href":"https:\/\/www.ernstbrunn-apotheke.at\/katalog\/wp-json\/wp\/v2\/media\/114452"}],"wp:attachment":[{"href":"https:\/\/www.ernstbrunn-apotheke.at\/katalog\/wp-json\/wp\/v2\/media?parent=114450"}],"wp:term":[{"taxonomy":"product_brand","embeddable":true,"href":"https:\/\/www.ernstbrunn-apotheke.at\/katalog\/wp-json\/wp\/v2\/product_brand?post=114450"},{"taxonomy":"product_cat","embeddable":true,"href":"https:\/\/www.ernstbrunn-apotheke.at\/katalog\/wp-json\/wp\/v2\/product_cat?post=114450"},{"taxonomy":"product_tag","embeddable":true,"href":"https:\/\/www.ernstbrunn-apotheke.at\/katalog\/wp-json\/wp\/v2\/product_tag?post=114450"}],"curies":[{"name":"wp","href":"https:\/\/api.w.org\/{rel}","templated":true}]}}