{"id":114388,"date":"2025-11-13T06:58:20","date_gmt":"2025-11-13T05:58:20","guid":{"rendered":"https:\/\/www.ernstbrunn-apotheke.at\/katalog\/produkt\/apofit-aetherisches-oel-benzoe-10-ml\/"},"modified":"2025-12-08T22:43:05","modified_gmt":"2025-12-08T21:43:05","slug":"apofit-aetherisches-oel-benzoe-10-ml","status":"publish","type":"product","link":"https:\/\/www.ernstbrunn-apotheke.at\/katalog\/produkt\/apofit-aetherisches-oel-benzoe-10-ml\/","title":{"rendered":"Apofit \u00c4therisches \u00d6l Benzoe 10 ml"},"content":{"rendered":"<p>Apofit \u00c4therisches \u00d6l Benzoe eignet sich besonders bei trockener, rissiger oder zu R\u00f6tung neigender Haut. Bei Inhalation hilft Benzoe bei der Schleimausscheidung, reinigt die Lungen und erleichtert die Atmung. Es wirkt schleiml\u00f6send, antiseptisch, entz\u00fcndungshemmend und schlaff\u00f6rdernd. Auf seelischer Ebene vermittelt der wunderbare, weiche Duft ein Gef\u00fchl von Sicherheit und Geborgenheit. Nicht zur Einnahme bestimmt!.<\/p>\n","protected":false},"excerpt":{"rendered":"<p>Apofit \u00c4therisches \u00d6l Benzoe eignet sich besonders bei trockener, rissiger oder zu R\u00f6tung neigender Haut. Bei Inhalation hilft Benzoe bei der Schleimausscheidung, reinigt die Lungen und erleichtert die Atmung. Es wirkt schleiml\u00f6send, antiseptisch, entz\u00fcndungshemmend und schlaff\u00f6rdernd. Auf seelischer Ebene vermittelt der wunderbare, weiche Duft ein Gef\u00fchl von Sicherheit und Geborgenheit. Nicht zur Einnahme bestimmt!.<\/p>\n","protected":false},"featured_media":114390,"template":"","meta":{"_acf_changed":false},"product_brand":[584],"product_cat":[801],"product_tag":[],"class_list":{"0":"post-114388","1":"product","2":"type-product","3":"status-publish","4":"has-post-thumbnail","6":"product_brand-apofit","7":"product_cat-a","8":"pa_packungsgroesse-10ml","10":"first","11":"instock","12":"shipping-taxable","13":"purchasable","14":"product-type-simple"},"acf":[],"_links":{"self":[{"href":"https:\/\/www.ernstbrunn-apotheke.at\/katalog\/wp-json\/wp\/v2\/product\/114388","targetHints":{"allow":["GET"]}}],"collection":[{"href":"https:\/\/www.ernstbrunn-apotheke.at\/katalog\/wp-json\/wp\/v2\/product"}],"about":[{"href":"https:\/\/www.ernstbrunn-apotheke.at\/katalog\/wp-json\/wp\/v2\/types\/product"}],"wp:featuredmedia":[{"embeddable":true,"href":"https:\/\/www.ernstbrunn-apotheke.at\/katalog\/wp-json\/wp\/v2\/media\/114390"}],"wp:attachment":[{"href":"https:\/\/www.ernstbrunn-apotheke.at\/katalog\/wp-json\/wp\/v2\/media?parent=114388"}],"wp:term":[{"taxonomy":"product_brand","embeddable":true,"href":"https:\/\/www.ernstbrunn-apotheke.at\/katalog\/wp-json\/wp\/v2\/product_brand?post=114388"},{"taxonomy":"product_cat","embeddable":true,"href":"https:\/\/www.ernstbrunn-apotheke.at\/katalog\/wp-json\/wp\/v2\/product_cat?post=114388"},{"taxonomy":"product_tag","embeddable":true,"href":"https:\/\/www.ernstbrunn-apotheke.at\/katalog\/wp-json\/wp\/v2\/product_tag?post=114388"}],"curies":[{"name":"wp","href":"https:\/\/api.w.org\/{rel}","templated":true}]}}