{"id":114300,"date":"2025-11-13T06:56:19","date_gmt":"2025-11-13T05:56:19","guid":{"rendered":"https:\/\/www.ernstbrunn-apotheke.at\/katalog\/produkt\/abtei-magnesium-500-plus-vital-depot-tabletten-42-stk\/"},"modified":"2025-12-08T22:42:29","modified_gmt":"2025-12-08T21:42:29","slug":"abtei-magnesium-500-plus-vital-depot-tabletten-42-stk","status":"publish","type":"product","link":"https:\/\/www.ernstbrunn-apotheke.at\/katalog\/produkt\/abtei-magnesium-500-plus-vital-depot-tabletten-42-stk\/","title":{"rendered":"Abtei Magnesium 500 Plus Vital-Depot Tabletten  42 Stk."},"content":{"rendered":"<p>Abtei Magnesium 500 Plus Vital-Depot Tabletten beinhalten hochdosiertes Magnesium kombiniert mit Nacin, Biotin, Fols\u00e4ure und wertvollen Vitamin B1, B2, B6 und B12. W\u00e4hrend die Vitamine eine normale Funktion des Nervensystems und des Energiestoffwechsels f\u00f6rdern, unterst\u00fctzt Magnesium eine gesunde Muskelfunktion. Durch das spezielle Langzeit-Depot werden die N\u00e4hrstoffe \u00fcber mehrere Stunden hinweg abgegeben und somit eine kontinuierliche N\u00e4hrstoffversorgung des K\u00f6rpers gew\u00e4hrleistet<\/p>\n","protected":false},"excerpt":{"rendered":"<p>Abtei Magnesium 500 Plus Vital-Depot Tabletten beinhalten hochdosiertes Magnesium kombiniert mit Nacin, Biotin, Fols\u00e4ure und wertvollen Vitamin B1, B2, B6 und B12. W\u00e4hrend die Vitamine eine normale Funktion des Nervensystems und des Energiestoffwechsels f\u00f6rdern, unterst\u00fctzt Magnesium eine gesunde Muskelfunktion. Durch das spezielle Langzeit-Depot werden die N\u00e4hrstoffe \u00fcber mehrere Stunden hinweg abgegeben und somit eine kontinuierliche [&hellip;]<\/p>\n","protected":false},"featured_media":114302,"template":"","meta":{"_acf_changed":false},"product_brand":[],"product_cat":[801],"product_tag":[],"class_list":{"0":"post-114300","1":"product","2":"type-product","3":"status-publish","4":"has-post-thumbnail","6":"product_cat-a","7":"pa_packungsgroesse-42-stueck","9":"first","10":"instock","11":"shipping-taxable","12":"purchasable","13":"product-type-simple"},"acf":[],"_links":{"self":[{"href":"https:\/\/www.ernstbrunn-apotheke.at\/katalog\/wp-json\/wp\/v2\/product\/114300","targetHints":{"allow":["GET"]}}],"collection":[{"href":"https:\/\/www.ernstbrunn-apotheke.at\/katalog\/wp-json\/wp\/v2\/product"}],"about":[{"href":"https:\/\/www.ernstbrunn-apotheke.at\/katalog\/wp-json\/wp\/v2\/types\/product"}],"wp:featuredmedia":[{"embeddable":true,"href":"https:\/\/www.ernstbrunn-apotheke.at\/katalog\/wp-json\/wp\/v2\/media\/114302"}],"wp:attachment":[{"href":"https:\/\/www.ernstbrunn-apotheke.at\/katalog\/wp-json\/wp\/v2\/media?parent=114300"}],"wp:term":[{"taxonomy":"product_brand","embeddable":true,"href":"https:\/\/www.ernstbrunn-apotheke.at\/katalog\/wp-json\/wp\/v2\/product_brand?post=114300"},{"taxonomy":"product_cat","embeddable":true,"href":"https:\/\/www.ernstbrunn-apotheke.at\/katalog\/wp-json\/wp\/v2\/product_cat?post=114300"},{"taxonomy":"product_tag","embeddable":true,"href":"https:\/\/www.ernstbrunn-apotheke.at\/katalog\/wp-json\/wp\/v2\/product_tag?post=114300"}],"curies":[{"name":"wp","href":"https:\/\/api.w.org\/{rel}","templated":true}]}}