{"id":114238,"date":"2025-11-13T06:54:48","date_gmt":"2025-11-13T05:54:48","guid":{"rendered":"https:\/\/www.ernstbrunn-apotheke.at\/katalog\/produkt\/daflon-500-mg-filmtabletten-2\/"},"modified":"2025-12-08T22:42:09","modified_gmt":"2025-12-08T21:42:09","slug":"daflon-500-mg-filmtabletten-2","status":"publish","type":"product","link":"https:\/\/www.ernstbrunn-apotheke.at\/katalog\/produkt\/daflon-500-mg-filmtabletten-2\/","title":{"rendered":"Daflon 500 mg &#8211; Filmtabletten"},"content":{"rendered":"<p>Daflon 500 mg Filmtabletten 36 Stk. wirkt gegen akute H\u00e4morrhoidalleiden. Der Wirkstoff ist seit Jahren bew\u00e4hrt und auch f\u00fcr andere Venenbeschwerden geeignet \u2013 jetzt online bestellen!<\/p>\n","protected":false},"excerpt":{"rendered":"<p>Daflon 500 mg Filmtabletten 36 Stk. wirkt gegen akute H\u00e4morrhoidalleiden. Der Wirkstoff ist seit Jahren bew\u00e4hrt und auch f\u00fcr andere Venenbeschwerden geeignet \u2013 jetzt online bestellen!<\/p>\n","protected":false},"featured_media":114240,"template":"","meta":{"_acf_changed":false},"product_brand":[],"product_cat":[792],"product_tag":[],"class_list":{"0":"post-114238","1":"product","2":"type-product","3":"status-publish","4":"has-post-thumbnail","6":"product_cat-d","7":"pa_packungsgroesse-36-stueck","9":"first","10":"instock","11":"shipping-taxable","12":"purchasable","13":"product-type-simple"},"acf":[],"_links":{"self":[{"href":"https:\/\/www.ernstbrunn-apotheke.at\/katalog\/wp-json\/wp\/v2\/product\/114238","targetHints":{"allow":["GET"]}}],"collection":[{"href":"https:\/\/www.ernstbrunn-apotheke.at\/katalog\/wp-json\/wp\/v2\/product"}],"about":[{"href":"https:\/\/www.ernstbrunn-apotheke.at\/katalog\/wp-json\/wp\/v2\/types\/product"}],"wp:featuredmedia":[{"embeddable":true,"href":"https:\/\/www.ernstbrunn-apotheke.at\/katalog\/wp-json\/wp\/v2\/media\/114240"}],"wp:attachment":[{"href":"https:\/\/www.ernstbrunn-apotheke.at\/katalog\/wp-json\/wp\/v2\/media?parent=114238"}],"wp:term":[{"taxonomy":"product_brand","embeddable":true,"href":"https:\/\/www.ernstbrunn-apotheke.at\/katalog\/wp-json\/wp\/v2\/product_brand?post=114238"},{"taxonomy":"product_cat","embeddable":true,"href":"https:\/\/www.ernstbrunn-apotheke.at\/katalog\/wp-json\/wp\/v2\/product_cat?post=114238"},{"taxonomy":"product_tag","embeddable":true,"href":"https:\/\/www.ernstbrunn-apotheke.at\/katalog\/wp-json\/wp\/v2\/product_tag?post=114238"}],"curies":[{"name":"wp","href":"https:\/\/api.w.org\/{rel}","templated":true}]}}