{"id":113903,"date":"2025-11-13T06:46:40","date_gmt":"2025-11-13T05:46:40","guid":{"rendered":"https:\/\/www.ernstbrunn-apotheke.at\/katalog\/produkt\/avene-rueckfettendes-waschstueck\/"},"modified":"2025-12-08T22:40:46","modified_gmt":"2025-12-08T21:40:46","slug":"avene-rueckfettendes-waschstueck","status":"publish","type":"product","link":"https:\/\/www.ernstbrunn-apotheke.at\/katalog\/produkt\/avene-rueckfettendes-waschstueck\/","title":{"rendered":"Av\u00e8ne R\u00fcckfettendes Waschst\u00fcck"},"content":{"rendered":"<p>Dieses seifenfreie, dermatologische Waschst&uuml;ck mit neutralem pH-Wert minimiert das Risiko allergischer Reaktionen und sorgt f&uuml;r eine sehr gute Hautvertr&auml;glichkeit. Diese sehr sanfte Reinigungsbasis reinigt sanft und sch&uuml;tzt sehr trockene Haut, die zu Neurodermitis und Juckreiz neigt. Eine perfekt auf S&auml;uglinge, Kinder und Erwachsene abgestimmte Reinigungspflege dank der Kombination von I-modulia, dem 1. biotechnologischen Wirkstoff aus dem Av&egrave;ne-Thermalwasser, der Juckreiz lindert, die Abwehrkr&auml;fte der Haut stimuliert und mit einer Lipidphase, die Nachtkerzen&ouml;l enth&auml;lt, um die Hautbarriere zu n&auml;hren und zu restrukturieren.<\/p>\n<p><\/p>\n<p>&bull; REINIGT sanft und sch&uuml;tzt sehr trockene Haut, die zu Neurodermitis und Juckreiz neigt.<\/p>\n<p>&bull; BERUHIGT dank des Thermalwassers von Av&egrave;ne.<\/p>\n<p>&bull; N&Auml;HRT mit Nachtkerzen&ouml;l.<\/p>\n","protected":false},"excerpt":{"rendered":"<p>Dieses seifenfreie, dermatologische Waschst&uuml;ck mit neutralem pH-Wert minimiert das Risiko allergischer Reaktionen und sorgt f&uuml;r eine sehr gute Hautvertr&auml;glichkeit. Diese sehr sanfte Reinigungsbasis reinigt sanft und sch&uuml;tzt sehr trockene Haut, die zu Neurodermitis und Juckreiz neigt. Eine perfekt auf S&auml;uglinge, Kinder und Erwachsene abgestimmte Reinigungspflege dank der Kombination von I-modulia, dem 1. biotechnologischen Wirkstoff aus [&hellip;]<\/p>\n","protected":false},"featured_media":113905,"template":"","meta":{"_acf_changed":false},"product_brand":[682],"product_cat":[801],"product_tag":[],"class_list":{"0":"post-113903","1":"product","2":"type-product","3":"status-publish","4":"has-post-thumbnail","6":"product_brand-avene","7":"product_cat-a","8":"pa_packungsgroesse-100g","10":"first","11":"instock","12":"shipping-taxable","13":"purchasable","14":"product-type-simple"},"acf":[],"_links":{"self":[{"href":"https:\/\/www.ernstbrunn-apotheke.at\/katalog\/wp-json\/wp\/v2\/product\/113903","targetHints":{"allow":["GET"]}}],"collection":[{"href":"https:\/\/www.ernstbrunn-apotheke.at\/katalog\/wp-json\/wp\/v2\/product"}],"about":[{"href":"https:\/\/www.ernstbrunn-apotheke.at\/katalog\/wp-json\/wp\/v2\/types\/product"}],"wp:featuredmedia":[{"embeddable":true,"href":"https:\/\/www.ernstbrunn-apotheke.at\/katalog\/wp-json\/wp\/v2\/media\/113905"}],"wp:attachment":[{"href":"https:\/\/www.ernstbrunn-apotheke.at\/katalog\/wp-json\/wp\/v2\/media?parent=113903"}],"wp:term":[{"taxonomy":"product_brand","embeddable":true,"href":"https:\/\/www.ernstbrunn-apotheke.at\/katalog\/wp-json\/wp\/v2\/product_brand?post=113903"},{"taxonomy":"product_cat","embeddable":true,"href":"https:\/\/www.ernstbrunn-apotheke.at\/katalog\/wp-json\/wp\/v2\/product_cat?post=113903"},{"taxonomy":"product_tag","embeddable":true,"href":"https:\/\/www.ernstbrunn-apotheke.at\/katalog\/wp-json\/wp\/v2\/product_tag?post=113903"}],"curies":[{"name":"wp","href":"https:\/\/api.w.org\/{rel}","templated":true}]}}