{"id":11214,"date":"2025-11-07T14:28:55","date_gmt":"2025-11-07T13:28:55","guid":{"rendered":"https:\/\/www.ernstbrunn-apotheke.at\/katalog\/produkt\/krill-oel-apo-wienerwald-kapseln-60-stk\/"},"modified":"2025-12-08T13:30:57","modified_gmt":"2025-12-08T12:30:57","slug":"krill-oel-apo-wienerwald-kapseln-60-stk","status":"publish","type":"product","link":"https:\/\/www.ernstbrunn-apotheke.at\/katalog\/produkt\/krill-oel-apo-wienerwald-kapseln-60-stk\/","title":{"rendered":"Krill-\u00f6l Apo Wienerwald Kapseln 60 Stk."},"content":{"rendered":"<p>Krill-\u00f6l Apo Wienerwald Kapseln dienen zur Erhaltung einer gesunden Herzfunktion. Dar\u00fcber hinaus unterst\u00fctzen diese Kapseln die Erhaltung einer normalen Sehkraft und Gehirnfunktion.<\/p>\n","protected":false},"excerpt":{"rendered":"<p>Krill-\u00f6l Apo Wienerwald Kapseln dienen zur Erhaltung einer gesunden Herzfunktion. Dar\u00fcber hinaus unterst\u00fctzen diese Kapseln die Erhaltung einer normalen Sehkraft und Gehirnfunktion.<\/p>\n","protected":false},"featured_media":11216,"template":"","meta":{"_acf_changed":false},"product_brand":[],"product_cat":[807],"product_tag":[],"class_list":{"0":"post-11214","1":"product","2":"type-product","3":"status-publish","4":"has-post-thumbnail","6":"product_cat-k","7":"pa_packungsgroesse-60-stueck","9":"first","10":"instock","11":"shipping-taxable","12":"purchasable","13":"product-type-simple"},"acf":[],"_links":{"self":[{"href":"https:\/\/www.ernstbrunn-apotheke.at\/katalog\/wp-json\/wp\/v2\/product\/11214","targetHints":{"allow":["GET"]}}],"collection":[{"href":"https:\/\/www.ernstbrunn-apotheke.at\/katalog\/wp-json\/wp\/v2\/product"}],"about":[{"href":"https:\/\/www.ernstbrunn-apotheke.at\/katalog\/wp-json\/wp\/v2\/types\/product"}],"wp:featuredmedia":[{"embeddable":true,"href":"https:\/\/www.ernstbrunn-apotheke.at\/katalog\/wp-json\/wp\/v2\/media\/11216"}],"wp:attachment":[{"href":"https:\/\/www.ernstbrunn-apotheke.at\/katalog\/wp-json\/wp\/v2\/media?parent=11214"}],"wp:term":[{"taxonomy":"product_brand","embeddable":true,"href":"https:\/\/www.ernstbrunn-apotheke.at\/katalog\/wp-json\/wp\/v2\/product_brand?post=11214"},{"taxonomy":"product_cat","embeddable":true,"href":"https:\/\/www.ernstbrunn-apotheke.at\/katalog\/wp-json\/wp\/v2\/product_cat?post=11214"},{"taxonomy":"product_tag","embeddable":true,"href":"https:\/\/www.ernstbrunn-apotheke.at\/katalog\/wp-json\/wp\/v2\/product_tag?post=11214"}],"curies":[{"name":"wp","href":"https:\/\/api.w.org\/{rel}","templated":true}]}}