{"id":11166,"date":"2025-11-07T14:27:49","date_gmt":"2025-11-07T13:27:49","guid":{"rendered":"https:\/\/www.ernstbrunn-apotheke.at\/katalog\/produkt\/kreatin-500mg-kapseln\/"},"modified":"2025-12-08T13:30:49","modified_gmt":"2025-12-08T12:30:49","slug":"kreatin-500mg-kapseln","status":"publish","type":"product","link":"https:\/\/www.ernstbrunn-apotheke.at\/katalog\/produkt\/kreatin-500mg-kapseln\/","title":{"rendered":"Kreatin 500mg Kapseln"},"content":{"rendered":"<p>Gall Pharma Kreatin 500 mg Kapseln enthalten Kreatin-Monohydrat in einer Hartgelatinekapsel. Der K\u00f6rper verbraucht am Tag durchschnittlich etwa 2 g Kreatin. Diese Menge wird zur H\u00e4lfte \u00fcber die k\u00f6rpereigene Produktion mit Hilfe der Aminos\u00e4uren L-Arginin, Glycin und L-Methionin, zur anderen H\u00e4lfte \u00fcber die Nahrungsaufnahme wieder ersetzt.<\/p>\n","protected":false},"excerpt":{"rendered":"<p>Gall Pharma Kreatin 500 mg Kapseln enthalten Kreatin-Monohydrat in einer Hartgelatinekapsel. Der K\u00f6rper verbraucht am Tag durchschnittlich etwa 2 g Kreatin. Diese Menge wird zur H\u00e4lfte \u00fcber die k\u00f6rpereigene Produktion mit Hilfe der Aminos\u00e4uren L-Arginin, Glycin und L-Methionin, zur anderen H\u00e4lfte \u00fcber die Nahrungsaufnahme wieder ersetzt.<\/p>\n","protected":false},"featured_media":11168,"template":"","meta":{"_acf_changed":false},"product_brand":[371],"product_cat":[807],"product_tag":[],"class_list":{"0":"post-11166","1":"product","2":"type-product","3":"status-publish","4":"has-post-thumbnail","6":"product_brand-gall-pharma","7":"product_cat-k","8":"pa_packungsgroesse-120-stueck","9":"pa_packungsgroesse-60-stueck","11":"first","12":"instock","13":"shipping-taxable","14":"purchasable","15":"product-type-simple"},"acf":[],"_links":{"self":[{"href":"https:\/\/www.ernstbrunn-apotheke.at\/katalog\/wp-json\/wp\/v2\/product\/11166","targetHints":{"allow":["GET"]}}],"collection":[{"href":"https:\/\/www.ernstbrunn-apotheke.at\/katalog\/wp-json\/wp\/v2\/product"}],"about":[{"href":"https:\/\/www.ernstbrunn-apotheke.at\/katalog\/wp-json\/wp\/v2\/types\/product"}],"wp:featuredmedia":[{"embeddable":true,"href":"https:\/\/www.ernstbrunn-apotheke.at\/katalog\/wp-json\/wp\/v2\/media\/11168"}],"wp:attachment":[{"href":"https:\/\/www.ernstbrunn-apotheke.at\/katalog\/wp-json\/wp\/v2\/media?parent=11166"}],"wp:term":[{"taxonomy":"product_brand","embeddable":true,"href":"https:\/\/www.ernstbrunn-apotheke.at\/katalog\/wp-json\/wp\/v2\/product_brand?post=11166"},{"taxonomy":"product_cat","embeddable":true,"href":"https:\/\/www.ernstbrunn-apotheke.at\/katalog\/wp-json\/wp\/v2\/product_cat?post=11166"},{"taxonomy":"product_tag","embeddable":true,"href":"https:\/\/www.ernstbrunn-apotheke.at\/katalog\/wp-json\/wp\/v2\/product_tag?post=11166"}],"curies":[{"name":"wp","href":"https:\/\/api.w.org\/{rel}","templated":true}]}}