{"id":111505,"date":"2025-11-12T19:54:54","date_gmt":"2025-11-12T18:54:54","guid":{"rendered":"https:\/\/www.ernstbrunn-apotheke.at\/katalog\/produkt\/burgerstein-coenzym-q10-100-mg-kapseln-30-stk\/"},"modified":"2025-12-08T22:22:31","modified_gmt":"2025-12-08T21:22:31","slug":"burgerstein-coenzym-q10-100-mg-kapseln-30-stk","status":"publish","type":"product","link":"https:\/\/www.ernstbrunn-apotheke.at\/katalog\/produkt\/burgerstein-coenzym-q10-100-mg-kapseln-30-stk\/","title":{"rendered":"Burgerstein Coenzym Q10 100 mg Kapseln 30 Stk."},"content":{"rendered":"<p><strong>Nat\u00fcrliches Coenzym Q10 &#8211; hoch dosiert.<\/strong><\/p>\n<p>&#13;<\/p>\n<div>\u00a0<\/div>\n<p>&#13;<\/p>\n<div>Die Burgerstein Q10 Kapseln beinhalten pro Einheit 100 mg Coenzym Q10 in Gestalt von Ubichinon, das durch Fermentation aus Hefe auf nat\u00fcrliche Weise extrahiert wird. Die pflanzlichen Kapseln sind geschmacks- und geruchsneutral und somit ideal f\u00fcr die t\u00e4gliche Einnahme geeignet. Coenzym Q10 ist haupts\u00e4chlich in Mitochondrien (Energiezentralen der Zellen), im Blut und in Zellmembranen vorhanden.<\/div>\n<p>&#13;<\/p>\n<div>\u00a0<\/div>\n<p>&#13;<\/p>\n<div>Coenzym Q10 unterst\u00fctzt dabei, Fette im gesamten K\u00f6rper vor Elektronenabgabe (Oxidation) und damit vor Struktursch\u00e4den zu bewahren. Zudem kann es andere Antioxidantien wie Vitamin E erneuern, sodass diese wieder als Antioxidantien verwendet werden k\u00f6nnen.<\/div>\n<p>&#13;<\/p>\n<div>\u00a0<\/div>\n<p>&#13;<\/p>\n<div>Des Weiteren spielt Coenzym Q10 eine essentielle Rolle bei der Energieerzeugung in den Mitochondrien (&#8222;Zellkraftwerke&#8220;) und tr\u00e4gt dadurch zur Bildung von ATP, dem Hauptenergieversorger der Zellen, bei. Die Coenzym-Q10-Konzentration ist folglich in jenen Zellen am h\u00f6chsten, in denen der Energiebedarf am gr\u00f6\u00dften ist (Herz, Leber, Nieren, Muskeln, Gehirn).<\/div>\n<p>&#13;<\/p>\n<div>\u00a0<\/div>\n<p>&#13;<\/p>\n<div>Coenzym Q10 hat die F\u00e4higkeit, verschiedene Entz\u00fcndungsmarker zu reduzieren und gleichzeitig die Funktion der d\u00fcnnen Auskleidungsschicht von Blutgef\u00e4\u00dfen, dem Gef\u00e4\u00dfendothel, zu verbessern. Diese Schicht spielt eine wichtige Rolle bei der Regulierung des Gef\u00e4\u00dfdrucks und der Blutgerinnung.<\/div>\n","protected":false},"excerpt":{"rendered":"<p>Nat\u00fcrliches Coenzym Q10 &#8211; hoch dosiert. &#13; \u00a0 &#13; Die Burgerstein Q10 Kapseln beinhalten pro Einheit 100 mg Coenzym Q10 in Gestalt von Ubichinon, das durch Fermentation aus Hefe auf nat\u00fcrliche Weise extrahiert wird. Die pflanzlichen Kapseln sind geschmacks- und geruchsneutral und somit ideal f\u00fcr die t\u00e4gliche Einnahme geeignet. Coenzym Q10 ist haupts\u00e4chlich in Mitochondrien [&hellip;]<\/p>\n","protected":false},"featured_media":111507,"template":"","meta":{"_acf_changed":false},"product_brand":[446],"product_cat":[802],"product_tag":[],"class_list":{"0":"post-111505","1":"product","2":"type-product","3":"status-publish","4":"has-post-thumbnail","6":"product_brand-burgerstein","7":"product_cat-b","8":"pa_packungsgroesse-30-stueck","10":"first","11":"instock","12":"shipping-taxable","13":"purchasable","14":"product-type-simple"},"acf":[],"_links":{"self":[{"href":"https:\/\/www.ernstbrunn-apotheke.at\/katalog\/wp-json\/wp\/v2\/product\/111505","targetHints":{"allow":["GET"]}}],"collection":[{"href":"https:\/\/www.ernstbrunn-apotheke.at\/katalog\/wp-json\/wp\/v2\/product"}],"about":[{"href":"https:\/\/www.ernstbrunn-apotheke.at\/katalog\/wp-json\/wp\/v2\/types\/product"}],"wp:featuredmedia":[{"embeddable":true,"href":"https:\/\/www.ernstbrunn-apotheke.at\/katalog\/wp-json\/wp\/v2\/media\/111507"}],"wp:attachment":[{"href":"https:\/\/www.ernstbrunn-apotheke.at\/katalog\/wp-json\/wp\/v2\/media?parent=111505"}],"wp:term":[{"taxonomy":"product_brand","embeddable":true,"href":"https:\/\/www.ernstbrunn-apotheke.at\/katalog\/wp-json\/wp\/v2\/product_brand?post=111505"},{"taxonomy":"product_cat","embeddable":true,"href":"https:\/\/www.ernstbrunn-apotheke.at\/katalog\/wp-json\/wp\/v2\/product_cat?post=111505"},{"taxonomy":"product_tag","embeddable":true,"href":"https:\/\/www.ernstbrunn-apotheke.at\/katalog\/wp-json\/wp\/v2\/product_tag?post=111505"}],"curies":[{"name":"wp","href":"https:\/\/api.w.org\/{rel}","templated":true}]}}