{"id":11116,"date":"2025-11-07T14:27:12","date_gmt":"2025-11-07T13:27:12","guid":{"rendered":"https:\/\/www.ernstbrunn-apotheke.at\/katalog\/produkt\/ubiquinol-50mg-kapseln\/"},"modified":"2025-12-08T13:30:45","modified_gmt":"2025-12-08T12:30:45","slug":"ubiquinol-50mg-kapseln","status":"publish","type":"product","link":"https:\/\/www.ernstbrunn-apotheke.at\/katalog\/produkt\/ubiquinol-50mg-kapseln\/","title":{"rendered":"Ubiquinol 50mg Kapseln"},"content":{"rendered":"<p>Gall Pharma Ubiquinol 50 mg Kapseln 60 Stk. enthalten 50 mg Ubiquinol in einer Weichgelatinekapsel. Es unterst\u00fctzt die Herzleistung, ist wichtig f\u00fcr ein gesundes Blutdruckgeschehen und f\u00f6rdert die k\u00f6rpereigenen Ma\u00dfnahmen gegen vorzeitige Alterungsprozesse. Besonders empfehlenswert ist die Einnahme von Ubiquinol f\u00fcr Sportler, chronisch Kranke und Menschen ab dem 40. Lebensjahr, da Ubiquinol den nat\u00fcrlichen Alterungsprozess des Organismus verlangsamt und die Leistungsf\u00e4higkeit durch die optimierte Energiegewinnung erh\u00f6ht \u2013 profitieren Sie von hohen Rabatten und dem gro\u00dfen Sortiment einer Standortapotheke!<\/p>\n","protected":false},"excerpt":{"rendered":"<p>Gall Pharma Ubiquinol 50 mg Kapseln 60 Stk. enthalten 50 mg Ubiquinol in einer Weichgelatinekapsel. Es unterst\u00fctzt die Herzleistung, ist wichtig f\u00fcr ein gesundes Blutdruckgeschehen und f\u00f6rdert die k\u00f6rpereigenen Ma\u00dfnahmen gegen vorzeitige Alterungsprozesse. Besonders empfehlenswert ist die Einnahme von Ubiquinol f\u00fcr Sportler, chronisch Kranke und Menschen ab dem 40. Lebensjahr, da Ubiquinol den nat\u00fcrlichen Alterungsprozess [&hellip;]<\/p>\n","protected":false},"featured_media":11118,"template":"","meta":{"_acf_changed":false},"product_brand":[371],"product_cat":[848],"product_tag":[],"class_list":{"0":"post-11116","1":"product","2":"type-product","3":"status-publish","4":"has-post-thumbnail","6":"product_brand-gall-pharma","7":"product_cat-u","8":"pa_packungsgroesse-60-stueck","10":"first","11":"instock","12":"shipping-taxable","13":"purchasable","14":"product-type-simple"},"acf":[],"_links":{"self":[{"href":"https:\/\/www.ernstbrunn-apotheke.at\/katalog\/wp-json\/wp\/v2\/product\/11116","targetHints":{"allow":["GET"]}}],"collection":[{"href":"https:\/\/www.ernstbrunn-apotheke.at\/katalog\/wp-json\/wp\/v2\/product"}],"about":[{"href":"https:\/\/www.ernstbrunn-apotheke.at\/katalog\/wp-json\/wp\/v2\/types\/product"}],"wp:featuredmedia":[{"embeddable":true,"href":"https:\/\/www.ernstbrunn-apotheke.at\/katalog\/wp-json\/wp\/v2\/media\/11118"}],"wp:attachment":[{"href":"https:\/\/www.ernstbrunn-apotheke.at\/katalog\/wp-json\/wp\/v2\/media?parent=11116"}],"wp:term":[{"taxonomy":"product_brand","embeddable":true,"href":"https:\/\/www.ernstbrunn-apotheke.at\/katalog\/wp-json\/wp\/v2\/product_brand?post=11116"},{"taxonomy":"product_cat","embeddable":true,"href":"https:\/\/www.ernstbrunn-apotheke.at\/katalog\/wp-json\/wp\/v2\/product_cat?post=11116"},{"taxonomy":"product_tag","embeddable":true,"href":"https:\/\/www.ernstbrunn-apotheke.at\/katalog\/wp-json\/wp\/v2\/product_tag?post=11116"}],"curies":[{"name":"wp","href":"https:\/\/api.w.org\/{rel}","templated":true}]}}