{"id":110115,"date":"2025-11-12T19:23:42","date_gmt":"2025-11-12T18:23:42","guid":{"rendered":"https:\/\/www.ernstbrunn-apotheke.at\/katalog\/produkt\/burgerstein-vitamin-d3-spray-800-i-e-20-ml\/"},"modified":"2025-12-08T22:15:35","modified_gmt":"2025-12-08T21:15:35","slug":"burgerstein-vitamin-d3-spray-800-i-e-20-ml","status":"publish","type":"product","link":"https:\/\/www.ernstbrunn-apotheke.at\/katalog\/produkt\/burgerstein-vitamin-d3-spray-800-i-e-20-ml\/","title":{"rendered":"Burgerstein Vitamin D3 Spray 800 I.E. 20 ml"},"content":{"rendered":"<p>Burgerstein Vitamin D3 Spray enth\u00e4lt Vitamin D3 in Form des gut verwertbaren Cholecalciferol. Der geschmacksneutrale Spray, auf Basis von Kokos\u00f6l ist selbstverst\u00e4ndlich alkoholfrei und somit auch ideal f\u00fcr Kinder geeignet. Vitamin D3 tr\u00e4gt zur Aufnahme und Verwertung von Kalzium sowie zur Erhaltung einer normalen Knochenmasse bei. Auch die Muskelfunktion und das Immunsystem ben\u00f6tigen Vitamin D3 in einer ausreichenden Menge<\/p>\n","protected":false},"excerpt":{"rendered":"<p>Burgerstein Vitamin D3 Spray enth\u00e4lt Vitamin D3 in Form des gut verwertbaren Cholecalciferol. Der geschmacksneutrale Spray, auf Basis von Kokos\u00f6l ist selbstverst\u00e4ndlich alkoholfrei und somit auch ideal f\u00fcr Kinder geeignet. Vitamin D3 tr\u00e4gt zur Aufnahme und Verwertung von Kalzium sowie zur Erhaltung einer normalen Knochenmasse bei. Auch die Muskelfunktion und das Immunsystem ben\u00f6tigen Vitamin D3 [&hellip;]<\/p>\n","protected":false},"featured_media":110117,"template":"","meta":{"_acf_changed":false},"product_brand":[446],"product_cat":[802],"product_tag":[],"class_list":{"0":"post-110115","1":"product","2":"type-product","3":"status-publish","4":"has-post-thumbnail","6":"product_brand-burgerstein","7":"product_cat-b","8":"pa_packungsgroesse-20ml","10":"first","11":"instock","12":"shipping-taxable","13":"purchasable","14":"product-type-simple"},"acf":[],"_links":{"self":[{"href":"https:\/\/www.ernstbrunn-apotheke.at\/katalog\/wp-json\/wp\/v2\/product\/110115","targetHints":{"allow":["GET"]}}],"collection":[{"href":"https:\/\/www.ernstbrunn-apotheke.at\/katalog\/wp-json\/wp\/v2\/product"}],"about":[{"href":"https:\/\/www.ernstbrunn-apotheke.at\/katalog\/wp-json\/wp\/v2\/types\/product"}],"wp:featuredmedia":[{"embeddable":true,"href":"https:\/\/www.ernstbrunn-apotheke.at\/katalog\/wp-json\/wp\/v2\/media\/110117"}],"wp:attachment":[{"href":"https:\/\/www.ernstbrunn-apotheke.at\/katalog\/wp-json\/wp\/v2\/media?parent=110115"}],"wp:term":[{"taxonomy":"product_brand","embeddable":true,"href":"https:\/\/www.ernstbrunn-apotheke.at\/katalog\/wp-json\/wp\/v2\/product_brand?post=110115"},{"taxonomy":"product_cat","embeddable":true,"href":"https:\/\/www.ernstbrunn-apotheke.at\/katalog\/wp-json\/wp\/v2\/product_cat?post=110115"},{"taxonomy":"product_tag","embeddable":true,"href":"https:\/\/www.ernstbrunn-apotheke.at\/katalog\/wp-json\/wp\/v2\/product_tag?post=110115"}],"curies":[{"name":"wp","href":"https:\/\/api.w.org\/{rel}","templated":true}]}}