{"id":109956,"date":"2025-11-12T19:20:18","date_gmt":"2025-11-12T18:20:18","guid":{"rendered":"https:\/\/www.ernstbrunn-apotheke.at\/katalog\/produkt\/canephron-forte-dragees-30stk\/"},"modified":"2025-12-08T22:14:48","modified_gmt":"2025-12-08T21:14:48","slug":"canephron-forte-dragees-30stk","status":"publish","type":"product","link":"https:\/\/www.ernstbrunn-apotheke.at\/katalog\/produkt\/canephron-forte-dragees-30stk\/","title":{"rendered":"Canephron forte Dragees 30Stk."},"content":{"rendered":"<p>Canephron forte Dragees sind ein traditionelles pflanzliches Arzneimittel zur unterst\u00fctzenden Behandlung und zur Erg\u00e4nzung spezifischer Ma\u00dfnahmen bei leichten Beschwerden im Rahmen von entz\u00fcndlichen Erkrankungen der ableitenden Harnwege  zur Durchsp\u00fclung der Harnwege und zur Verminderung der Ablagerung von Nierengrie\u00df.<\/p>\n","protected":false},"excerpt":{"rendered":"<p>Canephron forte Dragees sind ein traditionelles pflanzliches Arzneimittel zur unterst\u00fctzenden Behandlung und zur Erg\u00e4nzung spezifischer Ma\u00dfnahmen bei leichten Beschwerden im Rahmen von entz\u00fcndlichen Erkrankungen der ableitenden Harnwege zur Durchsp\u00fclung der Harnwege und zur Verminderung der Ablagerung von Nierengrie\u00df.<\/p>\n","protected":false},"featured_media":109958,"template":"","meta":{"_acf_changed":false},"product_brand":[],"product_cat":[812],"product_tag":[],"class_list":{"0":"post-109956","1":"product","2":"type-product","3":"status-publish","4":"has-post-thumbnail","6":"product_cat-c","7":"pa_packungsgroesse-30-stueck","9":"first","10":"instock","11":"shipping-taxable","12":"purchasable","13":"product-type-simple"},"acf":[],"_links":{"self":[{"href":"https:\/\/www.ernstbrunn-apotheke.at\/katalog\/wp-json\/wp\/v2\/product\/109956","targetHints":{"allow":["GET"]}}],"collection":[{"href":"https:\/\/www.ernstbrunn-apotheke.at\/katalog\/wp-json\/wp\/v2\/product"}],"about":[{"href":"https:\/\/www.ernstbrunn-apotheke.at\/katalog\/wp-json\/wp\/v2\/types\/product"}],"wp:featuredmedia":[{"embeddable":true,"href":"https:\/\/www.ernstbrunn-apotheke.at\/katalog\/wp-json\/wp\/v2\/media\/109958"}],"wp:attachment":[{"href":"https:\/\/www.ernstbrunn-apotheke.at\/katalog\/wp-json\/wp\/v2\/media?parent=109956"}],"wp:term":[{"taxonomy":"product_brand","embeddable":true,"href":"https:\/\/www.ernstbrunn-apotheke.at\/katalog\/wp-json\/wp\/v2\/product_brand?post=109956"},{"taxonomy":"product_cat","embeddable":true,"href":"https:\/\/www.ernstbrunn-apotheke.at\/katalog\/wp-json\/wp\/v2\/product_cat?post=109956"},{"taxonomy":"product_tag","embeddable":true,"href":"https:\/\/www.ernstbrunn-apotheke.at\/katalog\/wp-json\/wp\/v2\/product_tag?post=109956"}],"curies":[{"name":"wp","href":"https:\/\/api.w.org\/{rel}","templated":true}]}}