{"id":109932,"date":"2025-11-12T19:19:20","date_gmt":"2025-11-12T18:19:20","guid":{"rendered":"https:\/\/www.ernstbrunn-apotheke.at\/katalog\/produkt\/espara-chlorella-bio-presslinge\/"},"modified":"2025-12-08T22:14:43","modified_gmt":"2025-12-08T21:14:43","slug":"espara-chlorella-bio-presslinge","status":"publish","type":"product","link":"https:\/\/www.ernstbrunn-apotheke.at\/katalog\/produkt\/espara-chlorella-bio-presslinge\/","title":{"rendered":"Espara Chlorella BIO Presslinge"},"content":{"rendered":"<p>Nahrungserg\u00e4nzungsmittel mit der vitalstoffreichen Mikroalge Chlorella vulgaris aus kontrolliert biologischem Anbau.<\/p>\n<\/p>\n<p>Inhalt: 100 g (ca. 250 St\u00fcck) (F\u00fcllmenge)<\/p>\n<\/p>\n<p><b>Verzehr-Empfehlung: <\/b>3 x t\u00e4glich 5 Presslinge mit reichlich Fl\u00fcssigkeit verzehren. Die Presslinge k\u00f6nnen auch gekaut oder gelutscht werden. <\/p>\n<p><b>Tagesdosis (15 Presslinge) entspricht: <\/b>6 g Chlorella (mind. 2,5% Chlorophyll, 0,5% Carotinoide<b>)<\/b><\/p>\n<\/p>\n<p><b>Zutaten: <\/b>Chlorella vulgaris* (100%).<\/p>\n<p>*aus kontrolliert biologischem Anbau <\/p>\n<\/p><\/p>\n","protected":false},"excerpt":{"rendered":"<p>Nahrungserg\u00e4nzungsmittel mit der vitalstoffreichen Mikroalge Chlorella vulgaris aus kontrolliert biologischem Anbau. Inhalt: 100 g (ca. 250 St\u00fcck) (F\u00fcllmenge) Verzehr-Empfehlung: 3 x t\u00e4glich 5 Presslinge mit reichlich Fl\u00fcssigkeit verzehren. Die Presslinge k\u00f6nnen auch gekaut oder gelutscht werden. Tagesdosis (15 Presslinge) entspricht: 6 g Chlorella (mind. 2,5% Chlorophyll, 0,5% Carotinoide) Zutaten: Chlorella vulgaris* (100%). *aus kontrolliert biologischem [&hellip;]<\/p>\n","protected":false},"featured_media":109934,"template":"","meta":{"_acf_changed":false},"product_brand":[383],"product_cat":[794],"product_tag":[],"class_list":{"0":"post-109932","1":"product","2":"type-product","3":"status-publish","4":"has-post-thumbnail","6":"product_brand-espara","7":"product_cat-e","8":"pa_packungsgroesse-250-stueck","10":"first","11":"instock","12":"shipping-taxable","13":"purchasable","14":"product-type-simple"},"acf":[],"_links":{"self":[{"href":"https:\/\/www.ernstbrunn-apotheke.at\/katalog\/wp-json\/wp\/v2\/product\/109932","targetHints":{"allow":["GET"]}}],"collection":[{"href":"https:\/\/www.ernstbrunn-apotheke.at\/katalog\/wp-json\/wp\/v2\/product"}],"about":[{"href":"https:\/\/www.ernstbrunn-apotheke.at\/katalog\/wp-json\/wp\/v2\/types\/product"}],"wp:featuredmedia":[{"embeddable":true,"href":"https:\/\/www.ernstbrunn-apotheke.at\/katalog\/wp-json\/wp\/v2\/media\/109934"}],"wp:attachment":[{"href":"https:\/\/www.ernstbrunn-apotheke.at\/katalog\/wp-json\/wp\/v2\/media?parent=109932"}],"wp:term":[{"taxonomy":"product_brand","embeddable":true,"href":"https:\/\/www.ernstbrunn-apotheke.at\/katalog\/wp-json\/wp\/v2\/product_brand?post=109932"},{"taxonomy":"product_cat","embeddable":true,"href":"https:\/\/www.ernstbrunn-apotheke.at\/katalog\/wp-json\/wp\/v2\/product_cat?post=109932"},{"taxonomy":"product_tag","embeddable":true,"href":"https:\/\/www.ernstbrunn-apotheke.at\/katalog\/wp-json\/wp\/v2\/product_tag?post=109932"}],"curies":[{"name":"wp","href":"https:\/\/api.w.org\/{rel}","templated":true}]}}