{"id":10981,"date":"2025-11-07T14:25:24","date_gmt":"2025-11-07T13:25:24","guid":{"rendered":"https:\/\/www.ernstbrunn-apotheke.at\/katalog\/produkt\/nattokinase-50-mg-kapseln-60-stk\/"},"modified":"2025-12-08T13:30:29","modified_gmt":"2025-12-08T12:30:29","slug":"nattokinase-50-mg-kapseln-60-stk","status":"publish","type":"product","link":"https:\/\/www.ernstbrunn-apotheke.at\/katalog\/produkt\/nattokinase-50-mg-kapseln-60-stk\/","title":{"rendered":"Nattokinase 50 mg Kapseln 60 Stk."},"content":{"rendered":"<p>Nattokinase 50 mg Kapseln haben zum einen eine blutdrucksenkende Wirkung, zum anderen ist die gerinnungshemmende und damit antithrombotische Wirkung von h\u00f6chstem Interesse. Diese blutverd\u00fcnnende Wirkung ist auf mehrere unterschiedliche Wirkmechanismen zur\u00fcck zu f\u00fchren, die im Endeffekt nicht nur dazu f\u00fchren, dass keine neuen Blutgerinnsel entstehen, sondern Nattokinase kann diese sogar wieder abbauen.<\/p>\n","protected":false},"excerpt":{"rendered":"<p>Nattokinase 50 mg Kapseln haben zum einen eine blutdrucksenkende Wirkung, zum anderen ist die gerinnungshemmende und damit antithrombotische Wirkung von h\u00f6chstem Interesse. Diese blutverd\u00fcnnende Wirkung ist auf mehrere unterschiedliche Wirkmechanismen zur\u00fcck zu f\u00fchren, die im Endeffekt nicht nur dazu f\u00fchren, dass keine neuen Blutgerinnsel entstehen, sondern Nattokinase kann diese sogar wieder abbauen.<\/p>\n","protected":false},"featured_media":10983,"template":"","meta":{"_acf_changed":false},"product_brand":[],"product_cat":[797],"product_tag":[],"class_list":{"0":"post-10981","1":"product","2":"type-product","3":"status-publish","4":"has-post-thumbnail","6":"product_cat-n","7":"pa_packungsgroesse-60-stueck","9":"first","10":"instock","11":"shipping-taxable","12":"purchasable","13":"product-type-simple"},"acf":[],"_links":{"self":[{"href":"https:\/\/www.ernstbrunn-apotheke.at\/katalog\/wp-json\/wp\/v2\/product\/10981","targetHints":{"allow":["GET"]}}],"collection":[{"href":"https:\/\/www.ernstbrunn-apotheke.at\/katalog\/wp-json\/wp\/v2\/product"}],"about":[{"href":"https:\/\/www.ernstbrunn-apotheke.at\/katalog\/wp-json\/wp\/v2\/types\/product"}],"wp:featuredmedia":[{"embeddable":true,"href":"https:\/\/www.ernstbrunn-apotheke.at\/katalog\/wp-json\/wp\/v2\/media\/10983"}],"wp:attachment":[{"href":"https:\/\/www.ernstbrunn-apotheke.at\/katalog\/wp-json\/wp\/v2\/media?parent=10981"}],"wp:term":[{"taxonomy":"product_brand","embeddable":true,"href":"https:\/\/www.ernstbrunn-apotheke.at\/katalog\/wp-json\/wp\/v2\/product_brand?post=10981"},{"taxonomy":"product_cat","embeddable":true,"href":"https:\/\/www.ernstbrunn-apotheke.at\/katalog\/wp-json\/wp\/v2\/product_cat?post=10981"},{"taxonomy":"product_tag","embeddable":true,"href":"https:\/\/www.ernstbrunn-apotheke.at\/katalog\/wp-json\/wp\/v2\/product_tag?post=10981"}],"curies":[{"name":"wp","href":"https:\/\/api.w.org\/{rel}","templated":true}]}}