{"id":109613,"date":"2025-11-12T19:11:34","date_gmt":"2025-11-12T18:11:34","guid":{"rendered":"https:\/\/www.ernstbrunn-apotheke.at\/katalog\/produkt\/sonnentor-thymian-geschnitten-bio-20-g\/"},"modified":"2025-12-08T22:13:26","modified_gmt":"2025-12-08T21:13:26","slug":"sonnentor-thymian-geschnitten-bio-20-g","status":"publish","type":"product","link":"https:\/\/www.ernstbrunn-apotheke.at\/katalog\/produkt\/sonnentor-thymian-geschnitten-bio-20-g\/","title":{"rendered":"Sonnentor Thymian geschnitten bio 20 g"},"content":{"rendered":"<p>Thymian ist der Klassiker der franz\u00f6sischen K\u00fcche \u2013 von der Provence bis in die Provinz. Neben Ratatouille und Bouillabaisse w\u00fcrzt das mediterrane Kraut Pilzgerichte, Pasteten und Saucen. Legenden sagten Thymian nach, unverwundbar zu machen. H\u00e4tte Achilles das gewusst, w\u00fcrden wir heute wohl keine Verse \u00fcber seine Ferse lesen.<\/p>\n","protected":false},"excerpt":{"rendered":"<p>Thymian ist der Klassiker der franz\u00f6sischen K\u00fcche \u2013 von der Provence bis in die Provinz. Neben Ratatouille und Bouillabaisse w\u00fcrzt das mediterrane Kraut Pilzgerichte, Pasteten und Saucen. Legenden sagten Thymian nach, unverwundbar zu machen. H\u00e4tte Achilles das gewusst, w\u00fcrden wir heute wohl keine Verse \u00fcber seine Ferse lesen.<\/p>\n","protected":false},"featured_media":109615,"template":"","meta":{"_acf_changed":false},"product_brand":[925],"product_cat":[791],"product_tag":[],"class_list":{"0":"post-109613","1":"product","2":"type-product","3":"status-publish","4":"has-post-thumbnail","6":"product_brand-sonnentor","7":"product_cat-s","8":"pa_packungsgroesse-20g","10":"first","11":"instock","12":"shipping-taxable","13":"purchasable","14":"product-type-simple"},"acf":[],"_links":{"self":[{"href":"https:\/\/www.ernstbrunn-apotheke.at\/katalog\/wp-json\/wp\/v2\/product\/109613","targetHints":{"allow":["GET"]}}],"collection":[{"href":"https:\/\/www.ernstbrunn-apotheke.at\/katalog\/wp-json\/wp\/v2\/product"}],"about":[{"href":"https:\/\/www.ernstbrunn-apotheke.at\/katalog\/wp-json\/wp\/v2\/types\/product"}],"wp:featuredmedia":[{"embeddable":true,"href":"https:\/\/www.ernstbrunn-apotheke.at\/katalog\/wp-json\/wp\/v2\/media\/109615"}],"wp:attachment":[{"href":"https:\/\/www.ernstbrunn-apotheke.at\/katalog\/wp-json\/wp\/v2\/media?parent=109613"}],"wp:term":[{"taxonomy":"product_brand","embeddable":true,"href":"https:\/\/www.ernstbrunn-apotheke.at\/katalog\/wp-json\/wp\/v2\/product_brand?post=109613"},{"taxonomy":"product_cat","embeddable":true,"href":"https:\/\/www.ernstbrunn-apotheke.at\/katalog\/wp-json\/wp\/v2\/product_cat?post=109613"},{"taxonomy":"product_tag","embeddable":true,"href":"https:\/\/www.ernstbrunn-apotheke.at\/katalog\/wp-json\/wp\/v2\/product_tag?post=109613"}],"curies":[{"name":"wp","href":"https:\/\/api.w.org\/{rel}","templated":true}]}}